{"id":18075,"date":"2022-03-28T09:45:55","date_gmt":"2022-03-28T09:45:55","guid":{"rendered":"https:\/\/help.tdoc.es\/?page_id=18075"},"modified":"2024-06-14T12:05:31","modified_gmt":"2024-06-14T12:05:31","slug":"repositorio-de-documentos-2","status":"publish","type":"page","link":"https:\/\/help.tdoc.es\/index.php\/pt\/manual-tdoc-centro-pt\/repositorio-de-documentos-2\/","title":{"rendered":"Reposit\u00f3rio de documentos"},"content":{"rendered":"<div class=\"fusion-fullwidth fullwidth-box fusion-builder-row-1 nonhundred-percent-fullwidth non-hundred-percent-height-scrolling\" style=\"background-color: rgba(255,255,255,0);background-position: center center;background-repeat: no-repeat;padding-top:20px;padding-right:0px;padding-bottom:20px;padding-left:0px;margin-bottom: 0px;margin-top: 0px;border-width: 0px 0px 0px 0px;border-color:#eae9e9;border-style:solid;\" ><div class=\"fusion-builder-row fusion-row\"><div class=\"fusion-layout-column fusion_builder_column fusion-builder-column-0 fusion_builder_column_1_1 1_1 fusion-one-full fusion-column-first fusion-column-last\" style=\"margin-top:0px;margin-bottom:20px;\"><div class=\"fusion-column-wrapper fusion-flex-column-wrapper-legacy\" style=\"background-position:left top;background-repeat:no-repeat;-webkit-background-size:cover;-moz-background-size:cover;-o-background-size:cover;background-size:cover;padding: 0px 0px 0px 0px;\"><style type=\"text\/css\"><\/style><div class=\"fusion-title title fusion-title-1 fusion-sep-none fusion-title-text fusion-title-size-one\" style=\"margin-top:0px;margin-right:0px;margin-bottom:31px;margin-left:0px;\"><h1 class=\"title-heading-left\" style=\"margin:0;\"><p><span style=\"color: #0375c9;\">Reposit\u00f3rio de documentos<br \/>\n<\/span><\/p><\/h1><\/div><div class=\"fusion-text fusion-text-1\"><p>Permite ver e descarregar documenta\u00e7\u00e3o relativa ao seu usu\u00e1rio. N\u00e3o est\u00e1 relacionado com os centros aos que tenha acesso, mas sim com a informa\u00e7\u00e3o relativa ao seu usu\u00e1rio.<\/p>\n<p><img class=\"alignnone wp-image-13567\" src=\"https:\/\/help.tdoc.es\/wp-content\/uploads\/2021\/01\/1-9-300x193.png\" alt=\"\" width=\"221\" height=\"142\" srcset=\"https:\/\/help.tdoc.es\/wp-content\/uploads\/2021\/01\/1-9-200x128.png 200w, https:\/\/help.tdoc.es\/wp-content\/uploads\/2021\/01\/1-9-300x193.png 300w, https:\/\/help.tdoc.es\/wp-content\/uploads\/2021\/01\/1-9.png 366w\" sizes=\"(max-width: 221px) 100vw, 221px\" \/><\/p>\n<p><img class=\"alignnone wp-image-13586 size-full\" src=\"https:\/\/help.tdoc.es\/wp-content\/uploads\/2021\/01\/Sin-t\u00edtulo.png\" alt=\"\" width=\"1278\" height=\"159\" srcset=\"https:\/\/help.tdoc.es\/wp-content\/uploads\/2021\/01\/Sin-t\u00edtulo-200x25.png 200w, https:\/\/help.tdoc.es\/wp-content\/uploads\/2021\/01\/Sin-t\u00edtulo-300x37.png 300w, https:\/\/help.tdoc.es\/wp-content\/uploads\/2021\/01\/Sin-t\u00edtulo-400x50.png 400w, https:\/\/help.tdoc.es\/wp-content\/uploads\/2021\/01\/Sin-t\u00edtulo-600x75.png 600w, https:\/\/help.tdoc.es\/wp-content\/uploads\/2021\/01\/Sin-t\u00edtulo-768x96.png 768w, https:\/\/help.tdoc.es\/wp-content\/uploads\/2021\/01\/Sin-t\u00edtulo-800x100.png 800w, https:\/\/help.tdoc.es\/wp-content\/uploads\/2021\/01\/Sin-t\u00edtulo-1024x127.png 1024w, https:\/\/help.tdoc.es\/wp-content\/uploads\/2021\/01\/Sin-t\u00edtulo-1200x149.png 1200w, https:\/\/help.tdoc.es\/wp-content\/uploads\/2021\/01\/Sin-t\u00edtulo.png 1278w\" sizes=\"(max-width: 1278px) 100vw, 1278px\" \/><\/p>\n<p>No caso de que o documento esteja dispon\u00edvel em v\u00e1rios idiomas, poder\u00e1 descarregar na coluna correspondente.<\/p>\n<p>Em fun\u00e7\u00e3o da configura\u00e7\u00e3o o documento pode aparecer em diferentes abas:<\/p>\n<p>*Documento global<\/p>\n<p>*Documento por \u00e1rea funcional (tecnologia)<\/p>\n<p>*Documento por centro<\/p>\n<p>*Documento por tipo de empresa<\/p>\n<p>*Documento por propietario-\u00e1rea funcional<\/p>\n<\/div><div class=\"fusion-clearfix\"><\/div><\/div><\/div><\/div><\/div>\n","protected":false},"excerpt":{"rendered":"","protected":false},"author":5,"featured_media":0,"parent":18273,"menu_order":0,"comment_status":"closed","ping_status":"closed","template":"","meta":[],"_links":{"self":[{"href":"https:\/\/help.tdoc.es\/index.php\/wp-json\/wp\/v2\/pages\/18075"}],"collection":[{"href":"https:\/\/help.tdoc.es\/index.php\/wp-json\/wp\/v2\/pages"}],"about":[{"href":"https:\/\/help.tdoc.es\/index.php\/wp-json\/wp\/v2\/types\/page"}],"author":[{"embeddable":true,"href":"https:\/\/help.tdoc.es\/index.php\/wp-json\/wp\/v2\/users\/5"}],"replies":[{"embeddable":true,"href":"https:\/\/help.tdoc.es\/index.php\/wp-json\/wp\/v2\/comments?post=18075"}],"version-history":[{"count":1,"href":"https:\/\/help.tdoc.es\/index.php\/wp-json\/wp\/v2\/pages\/18075\/revisions"}],"predecessor-version":[{"id":18076,"href":"https:\/\/help.tdoc.es\/index.php\/wp-json\/wp\/v2\/pages\/18075\/revisions\/18076"}],"up":[{"embeddable":true,"href":"https:\/\/help.tdoc.es\/index.php\/wp-json\/wp\/v2\/pages\/18273"}],"wp:attachment":[{"href":"https:\/\/help.tdoc.es\/index.php\/wp-json\/wp\/v2\/media?parent=18075"}],"curies":[{"name":"wp","href":"https:\/\/api.w.org\/{rel}","templated":true}]}}