{"id":16781,"date":"2022-01-25T12:09:44","date_gmt":"2022-01-25T12:09:44","guid":{"rendered":"https:\/\/help.tdoc.es\/?page_id=16781"},"modified":"2022-05-03T12:27:27","modified_gmt":"2022-05-03T12:27:27","slug":"web-gestion-contractor-in-out","status":"publish","type":"page","link":"https:\/\/help.tdoc.es\/index.php\/tdoc-contractorinout\/web-gestion-contractor-in-out\/","title":{"rendered":"Web gesti\u00f3n Contractor In Out"},"content":{"rendered":"<div class=\"fusion-fullwidth fullwidth-box fusion-builder-row-1 nonhundred-percent-fullwidth non-hundred-percent-height-scrolling\" style=\"background-color: rgba(255,255,255,0);background-position: center center;background-repeat: no-repeat;padding-top:20px;padding-right:0px;padding-bottom:20px;padding-left:0px;margin-bottom: 0px;margin-top: 0px;border-width: 0px 0px 0px 0px;border-color:#eae9e9;border-style:solid;\" ><div class=\"fusion-builder-row fusion-row\"><div class=\"fusion-layout-column fusion_builder_column fusion-builder-column-0 fusion_builder_column_1_1 1_1 fusion-one-full fusion-column-first fusion-column-last\" style=\"margin-top:0px;margin-bottom:20px;\"><div class=\"fusion-column-wrapper fusion-flex-column-wrapper-legacy\" style=\"background-position:left top;background-repeat:no-repeat;-webkit-background-size:cover;-moz-background-size:cover;-o-background-size:cover;background-size:cover;padding: 0px 0px 0px 0px;\"><style type=\"text\/css\"><\/style><div class=\"fusion-title title fusion-title-1 fusion-sep-none fusion-title-text fusion-title-size-one\" style=\"margin-top:0px;margin-right:0px;margin-bottom:31px;margin-left:0px;\"><h1 class=\"title-heading-left\" style=\"margin:0;\"><p><span style=\"color: #0375c9;\">Contractor in out web<br \/>\n<\/span><\/p><\/h1><\/div><div class=\"fusion-text fusion-text-1\"><p>La aplicaci\u00f3n web de Contractor_in_out es una aplicaci\u00f3n web que permite visualizar las brigadas de los centros de trabajo con su documentaci\u00f3n y la trayectoria que ha seguido.<\/p>\n<p>Para acceder a la web hay que seguir este enlace:\u00a0<a href=\"https:\/\/access.tdoc.es\/\">https:\/\/access.tdoc.es<\/a>.<\/p>\n<\/div><style type=\"text\/css\"><\/style><div class=\"fusion-title title fusion-title-2 fusion-sep-none fusion-title-text fusion-title-size-two\" style=\"margin-top:0px;margin-right:0px;margin-bottom:31px;margin-left:0px;\"><h2 class=\"title-heading-left\" style=\"margin:0;\"><span style=\"color: #0375c9;\">Listado de centros<\/span><\/h2><\/div><span class=\" fusion-imageframe imageframe-none imageframe-1 hover-type-none\"><img width=\"300\" height=\"87\" title=\"Imagen1\" src=\"https:\/\/help.tdoc.es\/wp-content\/uploads\/2022\/01\/Imagen1-1-300x87.png\" class=\"img-responsive wp-image-16788\" srcset=\"https:\/\/help.tdoc.es\/wp-content\/uploads\/2022\/01\/Imagen1-1-200x58.png 200w, https:\/\/help.tdoc.es\/wp-content\/uploads\/2022\/01\/Imagen1-1-400x116.png 400w, https:\/\/help.tdoc.es\/wp-content\/uploads\/2022\/01\/Imagen1-1.png 567w\" sizes=\"(max-width: 800px) 100vw, 300px\" \/><\/span><div class=\"fusion-text fusion-text-2\"><p>La pantalla principal nos muestra los centros de trabajo, con el n\u00famero de brigadas que tiene dicha brigada y el n\u00famero de alertas que ha generado. Se puede acceder a ver las alertas del centro de trabajo y ver las alertas de todos los centros de trabajo y al centro de trabajo para ver sus brigadas, el hist\u00f3rico, las brigadas generales y el hist\u00f3rico general.<\/p>\n<\/div><style type=\"text\/css\"><\/style><div class=\"fusion-title title fusion-title-3 fusion-sep-none fusion-title-text fusion-title-size-two\" style=\"margin-top:0px;margin-right:0px;margin-bottom:31px;margin-left:0px;\"><h2 class=\"title-heading-left\" style=\"margin:0;\"><span style=\"color: #0375c9;\">Listado de brigadas<\/span><\/h2><\/div><span class=\" fusion-imageframe imageframe-none imageframe-2 hover-type-none\"><img width=\"300\" height=\"104\" title=\"Imagen3\" src=\"https:\/\/help.tdoc.es\/wp-content\/uploads\/2022\/01\/Imagen3-300x104.png\" class=\"img-responsive wp-image-16789\" srcset=\"https:\/\/help.tdoc.es\/wp-content\/uploads\/2022\/01\/Imagen3-200x69.png 200w, https:\/\/help.tdoc.es\/wp-content\/uploads\/2022\/01\/Imagen3-400x138.png 400w, https:\/\/help.tdoc.es\/wp-content\/uploads\/2022\/01\/Imagen3.png 567w\" sizes=\"(max-width: 800px) 100vw, 300px\" \/><\/span><div class=\"fusion-text fusion-text-3\"><p>En el listado de brigadas nos podemos encontrar 4 escenarios diferentes bastante similares.<\/p>\n<p>En caso de entrar por un solo centro de trabajo, veremos las brigadas de dicho centro de trabajo que sigan abiertas. En el caso de entrar por el hist\u00f3rico de un centro de trabajo, veremos todas las brigadas de dicho centro de trabajo filtrados por las fechas seleccionadas. En caso de entrar a ver todas las brigadas, veremos todas las brigadas activas de los centros de trabajo del cliente. Y, por \u00faltimo, en caso de que hayamos entrado en el hist\u00f3rico general, veremos todas las brigadas tanto activas como cerradas de todos los centros de trabajo, filtrado por las fechas seleccionadas.<\/p>\n<\/div><span class=\" fusion-imageframe imageframe-none imageframe-3 hover-type-none\"><img width=\"300\" height=\"50\" title=\"Imagen1\" src=\"https:\/\/help.tdoc.es\/wp-content\/uploads\/2022\/01\/Imagen1-300x50.png\" class=\"img-responsive wp-image-16787\" srcset=\"https:\/\/help.tdoc.es\/wp-content\/uploads\/2022\/01\/Imagen1-200x34.png 200w, https:\/\/help.tdoc.es\/wp-content\/uploads\/2022\/01\/Imagen1-400x67.png 400w, https:\/\/help.tdoc.es\/wp-content\/uploads\/2022\/01\/Imagen1.png 543w\" sizes=\"(max-width: 800px) 100vw, 300px\" \/><\/span><div class=\"fusion-text fusion-text-4\"><p>Por otro lado, se podr\u00e1 acceder a todas las alertas d\u00e1ndole al bot\u00f3n de alertas de arriba y se podr\u00e1 descargar el listado de lista a Excel d\u00e1ndole al bot\u00f3n de exportar a Excel. Dentro de la tabla, se podr\u00e1 copiar el n\u00famero de tel\u00e9fono al portapapeles y se podr\u00e1 ir a ver los detalles de la brigada.<\/p>\n<\/div><style type=\"text\/css\"><\/style><div class=\"fusion-title title fusion-title-4 fusion-sep-none fusion-title-text fusion-title-size-two\" style=\"margin-top:0px;margin-right:0px;margin-bottom:31px;margin-left:0px;\"><h2 class=\"title-heading-left\" style=\"margin:0;\"><span style=\"color: #0375c9;\">Detalles de brigada<\/span><\/h2><\/div><span class=\" fusion-imageframe imageframe-none imageframe-4 hover-type-none\"><img width=\"300\" height=\"142\" title=\"Imagen4\" src=\"https:\/\/help.tdoc.es\/wp-content\/uploads\/2022\/01\/Imagen4-300x142.png\" class=\"img-responsive wp-image-16790\" srcset=\"https:\/\/help.tdoc.es\/wp-content\/uploads\/2022\/01\/Imagen4-200x95.png 200w, https:\/\/help.tdoc.es\/wp-content\/uploads\/2022\/01\/Imagen4-400x189.png 400w, https:\/\/help.tdoc.es\/wp-content\/uploads\/2022\/01\/Imagen4.png 567w\" sizes=\"(max-width: 800px) 100vw, 300px\" \/><\/span><div class=\"fusion-text fusion-text-5\"><p>Dentro de los detalles de la brigada podremos ver tres secciones dentro de ella.<\/p>\n<p>La primera parte, veremos los detalles de la brigada y tendremos dos botones, uno para poder ver los documentos descargables de la brigada y el otro para dirigirnos a ver todas las alertas.<\/p>\n<p>La segunda secci\u00f3n, podremos ver a los trabajadores que est\u00e1n dentro de la brigada donde podremos ver su documentaci\u00f3n que veremos m\u00e1s adelante. Por otro lado, si nos vamos a la parte de entradas \/ salidas, podremos ver las horas de entradas y salidas de los trabajadores.<\/p>\n<p>En la tercera secci\u00f3n, nos podremos encontrar con un mapa donde marcar\u00e1 donde ha estado la brigada.<\/p>\n<\/div><style type=\"text\/css\"><\/style><div class=\"fusion-title title fusion-title-5 fusion-sep-none fusion-title-text fusion-title-size-two\" style=\"margin-top:0px;margin-right:0px;margin-bottom:31px;margin-left:0px;\"><h2 class=\"title-heading-left\" style=\"margin:0;\"><strong>Alertas<\/strong><\/h2><\/div><span class=\" fusion-imageframe imageframe-none imageframe-5 hover-type-none\"><img width=\"300\" height=\"143\" title=\"Imagen5\" src=\"https:\/\/help.tdoc.es\/wp-content\/uploads\/2022\/01\/Imagen5-300x143.png\" class=\"img-responsive wp-image-16791\" srcset=\"https:\/\/help.tdoc.es\/wp-content\/uploads\/2022\/01\/Imagen5-200x96.png 200w, https:\/\/help.tdoc.es\/wp-content\/uploads\/2022\/01\/Imagen5-400x191.png 400w, https:\/\/help.tdoc.es\/wp-content\/uploads\/2022\/01\/Imagen5.png 567w\" sizes=\"(max-width: 800px) 100vw, 300px\" \/><\/span><div class=\"fusion-text fusion-text-6\"><p>En esta parte, nos encontramos con las alertas generadas de los fallos de las brigadas. Al acceder a esta parte, veremos \u00fanicamente las alertas abiertas y d\u00e1ndole al bot\u00f3n de todas las alertas veremos tanto las abiertas como las cerradas. En la tabla, podemos copiar el tel\u00e9fono al portapapeles, podemos ir a ver los detalles de la brigada que tiene asociada la alerta, podemos tanto abrir como cerrar la alerta, al cerrar la alerta, nos preguntar\u00e1 a ver si estamos de acuerdo:<\/p>\n<\/div><span class=\" fusion-imageframe imageframe-none imageframe-6 hover-type-none\"><img width=\"300\" height=\"82\" title=\"Imagen6\" src=\"https:\/\/help.tdoc.es\/wp-content\/uploads\/2022\/01\/Imagen6-300x82.png\" class=\"img-responsive wp-image-16792\" srcset=\"https:\/\/help.tdoc.es\/wp-content\/uploads\/2022\/01\/Imagen6-200x55.png 200w, https:\/\/help.tdoc.es\/wp-content\/uploads\/2022\/01\/Imagen6-400x109.png 400w, https:\/\/help.tdoc.es\/wp-content\/uploads\/2022\/01\/Imagen6.png 495w\" sizes=\"(max-width: 800px) 100vw, 300px\" \/><\/span><div class=\"fusion-text fusion-text-7\"><p>Y podremos ver la documentaci\u00f3n de la alerta:<\/p>\n<\/div><span class=\" fusion-imageframe imageframe-none imageframe-7 hover-type-none\"><img width=\"300\" height=\"194\" title=\"Imagen7\" src=\"https:\/\/help.tdoc.es\/wp-content\/uploads\/2022\/01\/Imagen7-300x194.png\" class=\"img-responsive wp-image-16793\" srcset=\"https:\/\/help.tdoc.es\/wp-content\/uploads\/2022\/01\/Imagen7-200x129.png 200w, https:\/\/help.tdoc.es\/wp-content\/uploads\/2022\/01\/Imagen7-400x259.png 400w, https:\/\/help.tdoc.es\/wp-content\/uploads\/2022\/01\/Imagen7.png 567w\" sizes=\"(max-width: 800px) 100vw, 300px\" \/><\/span><div class=\"fusion-text fusion-text-8\"><p>Nos encontraremos con cuatro partes, dentro de la documentaci\u00f3n.<\/p>\n<p>La primera parte es la del trabajador, en ella veremos el nombre y el dni del trabajador y los documentos correctos e incorrectos del trabajador. Dentro de los documentos, veremos los t\u00edtulos de los documentos y los detalles.<\/p>\n<p>La segunda parte es la de la empresa, la cual es similar a la del trabajador poniendo el nombre y el NIF de la empresa. Por otro lado, los documentos correctos e incorrectos nos mostrar\u00e1n el nombre del documento y la descripci\u00f3n.<\/p>\n<p>La tercera parte es la de riesgos. En ella, nos encontraremos con documentos correctos e incorrectos, con el nombre del documento.<\/p>\n<p>La cuarta parte es la de las tareas, donde nos encontramos un t\u00edtulo para los documentos de riesgos y los documentos de riesgos para las tareas correctas e incorrectas.<\/p>\n<\/div><style type=\"text\/css\"><\/style><div class=\"fusion-title title fusion-title-6 fusion-sep-none fusion-title-text fusion-title-size-two\" style=\"margin-top:0px;margin-right:0px;margin-bottom:31px;margin-left:0px;\"><h2 class=\"title-heading-left\" style=\"margin:0;\"><strong>Avisos<\/strong><\/h2><\/div><span class=\" fusion-imageframe imageframe-none imageframe-8 hover-type-none\"><img width=\"1024\" height=\"275\" title=\"1\" src=\"https:\/\/help.tdoc.es\/wp-content\/uploads\/2022\/05\/1-1024x275.jpg\" class=\"img-responsive wp-image-18393\" srcset=\"https:\/\/help.tdoc.es\/wp-content\/uploads\/2022\/05\/1-200x54.jpg 200w, https:\/\/help.tdoc.es\/wp-content\/uploads\/2022\/05\/1-400x107.jpg 400w, https:\/\/help.tdoc.es\/wp-content\/uploads\/2022\/05\/1-600x161.jpg 600w, https:\/\/help.tdoc.es\/wp-content\/uploads\/2022\/05\/1-800x215.jpg 800w, https:\/\/help.tdoc.es\/wp-content\/uploads\/2022\/05\/1-1200x322.jpg 1200w, https:\/\/help.tdoc.es\/wp-content\/uploads\/2022\/05\/1.jpg 1584w\" sizes=\"(max-width: 800px) 100vw, 1200px\" \/><\/span><div class=\"fusion-text fusion-text-9\"><p>En esta parte, nos encontramos los avisos de las brigadas. Al igual que con las alertas, al acceder a esta parte, veremos \u00fanicamente los avisos abiertos, en caso de querer ver los avisos ya cerrados, tendremos que pulsar en el hist\u00f3rico de avisos. Se desplegar\u00e1 un buscador entre fechas y saldr\u00e1n todos los avisos entre esas fechas.<\/p>\n<\/div><span class=\" fusion-imageframe imageframe-none imageframe-9 hover-type-none\"><img width=\"1024\" height=\"284\" title=\"2\" src=\"https:\/\/help.tdoc.es\/wp-content\/uploads\/2022\/05\/2-1024x284.jpg\" class=\"img-responsive wp-image-18405\" srcset=\"https:\/\/help.tdoc.es\/wp-content\/uploads\/2022\/05\/2-200x55.jpg 200w, https:\/\/help.tdoc.es\/wp-content\/uploads\/2022\/05\/2-400x111.jpg 400w, https:\/\/help.tdoc.es\/wp-content\/uploads\/2022\/05\/2-600x166.jpg 600w, https:\/\/help.tdoc.es\/wp-content\/uploads\/2022\/05\/2-800x222.jpg 800w, https:\/\/help.tdoc.es\/wp-content\/uploads\/2022\/05\/2-1200x333.jpg 1200w, https:\/\/help.tdoc.es\/wp-content\/uploads\/2022\/05\/2.jpg 1584w\" sizes=\"(max-width: 800px) 100vw, 1200px\" \/><\/span><div class=\"fusion-text fusion-text-10\"><p>En la tabla, se podr\u00e1 eliminar un aviso\u00a0 o actualizarlo. Al actualizarlo, se desplegar\u00e1 una ventana con sus datos modificables. En caso de eliminarlo saldr\u00e1 una ventana de confirmaci\u00f3n.<\/p>\n<\/div><span class=\" fusion-imageframe imageframe-none imageframe-10 hover-type-none\"><img width=\"452\" height=\"323\" title=\"3\" src=\"https:\/\/help.tdoc.es\/wp-content\/uploads\/2022\/05\/3.jpg\" class=\"img-responsive wp-image-18406\" srcset=\"https:\/\/help.tdoc.es\/wp-content\/uploads\/2022\/05\/3-200x143.jpg 200w, https:\/\/help.tdoc.es\/wp-content\/uploads\/2022\/05\/3-400x286.jpg 400w, https:\/\/help.tdoc.es\/wp-content\/uploads\/2022\/05\/3.jpg 452w\" sizes=\"(max-width: 800px) 100vw, 452px\" \/><\/span><span class=\" fusion-imageframe imageframe-none imageframe-11 hover-type-none\"><img width=\"542\" height=\"184\" title=\"4\" src=\"https:\/\/help.tdoc.es\/wp-content\/uploads\/2022\/05\/4.jpg\" class=\"img-responsive wp-image-18407\" srcset=\"https:\/\/help.tdoc.es\/wp-content\/uploads\/2022\/05\/4-200x68.jpg 200w, https:\/\/help.tdoc.es\/wp-content\/uploads\/2022\/05\/4-400x136.jpg 400w, https:\/\/help.tdoc.es\/wp-content\/uploads\/2022\/05\/4.jpg 542w\" sizes=\"(max-width: 800px) 100vw, 542px\" \/><\/span><div class=\"fusion-text fusion-text-11\"><p>Por otro lado, tendremos la posibilidad de crear un aviso. En caso de que hayamos entrado dentro de un centro de trabajo, no har\u00e1 falta seleccionar uno, en caso de que no, tendremos que seleccionar uno de los disponibles para el cliente. Adem\u00e1s del centro de trabajo, el lugar de trabajo, el t\u00edtulo y el mensaje.<\/p>\n<\/div><span class=\" fusion-imageframe imageframe-none imageframe-12 hover-type-none\"><img width=\"455\" height=\"327\" title=\"5\" src=\"https:\/\/help.tdoc.es\/wp-content\/uploads\/2022\/05\/5.jpg\" class=\"img-responsive wp-image-18418\" srcset=\"https:\/\/help.tdoc.es\/wp-content\/uploads\/2022\/05\/5-200x144.jpg 200w, https:\/\/help.tdoc.es\/wp-content\/uploads\/2022\/05\/5-400x287.jpg 400w, https:\/\/help.tdoc.es\/wp-content\/uploads\/2022\/05\/5.jpg 455w\" sizes=\"(max-width: 800px) 100vw, 455px\" \/><\/span><style type=\"text\/css\"><\/style><div class=\"fusion-title title fusion-title-7 fusion-sep-none fusion-title-text fusion-title-size-two\" style=\"margin-top:0px;margin-right:0px;margin-bottom:31px;margin-left:0px;\"><h2 class=\"title-heading-left\" style=\"margin:0;\"><span style=\"color: #0375c9;\">Documentos<\/span><\/h2><\/div><div class=\"fusion-text fusion-text-12\"><p>En los documentos, nos encontramos con la lista de documentos de la brigada con la capacidad de descargarlo.<\/p>\n<\/div><span class=\" fusion-imageframe imageframe-none imageframe-13 hover-type-none\"><img width=\"300\" height=\"84\" title=\"Captura\" src=\"https:\/\/help.tdoc.es\/wp-content\/uploads\/2022\/01\/Captura-300x84.png\" class=\"img-responsive wp-image-16807\" srcset=\"https:\/\/help.tdoc.es\/wp-content\/uploads\/2022\/01\/Captura-200x56.png 200w, https:\/\/help.tdoc.es\/wp-content\/uploads\/2022\/01\/Captura-400x113.png 400w, https:\/\/help.tdoc.es\/wp-content\/uploads\/2022\/01\/Captura.png 501w\" sizes=\"(max-width: 800px) 100vw, 300px\" \/><\/span><div class=\"fusion-clearfix\"><\/div><\/div><\/div><\/div><\/div>\n","protected":false},"excerpt":{"rendered":"","protected":false},"author":1,"featured_media":0,"parent":16755,"menu_order":0,"comment_status":"closed","ping_status":"closed","template":"","meta":[],"_links":{"self":[{"href":"https:\/\/help.tdoc.es\/index.php\/wp-json\/wp\/v2\/pages\/16781"}],"collection":[{"href":"https:\/\/help.tdoc.es\/index.php\/wp-json\/wp\/v2\/pages"}],"about":[{"href":"https:\/\/help.tdoc.es\/index.php\/wp-json\/wp\/v2\/types\/page"}],"author":[{"embeddable":true,"href":"https:\/\/help.tdoc.es\/index.php\/wp-json\/wp\/v2\/users\/1"}],"replies":[{"embeddable":true,"href":"https:\/\/help.tdoc.es\/index.php\/wp-json\/wp\/v2\/comments?post=16781"}],"version-history":[{"count":5,"href":"https:\/\/help.tdoc.es\/index.php\/wp-json\/wp\/v2\/pages\/16781\/revisions"}],"predecessor-version":[{"id":18426,"href":"https:\/\/help.tdoc.es\/index.php\/wp-json\/wp\/v2\/pages\/16781\/revisions\/18426"}],"up":[{"embeddable":true,"href":"https:\/\/help.tdoc.es\/index.php\/wp-json\/wp\/v2\/pages\/16755"}],"wp:attachment":[{"href":"https:\/\/help.tdoc.es\/index.php\/wp-json\/wp\/v2\/media?parent=16781"}],"curies":[{"name":"wp","href":"https:\/\/api.w.org\/{rel}","templated":true}]}}