{"id":16441,"date":"2021-11-23T14:17:11","date_gmt":"2021-11-23T14:17:11","guid":{"rendered":"https:\/\/help.tdoc.es\/?page_id=16441"},"modified":"2023-12-20T23:44:28","modified_gmt":"2023-12-20T23:44:28","slug":"home-2","status":"publish","type":"page","link":"https:\/\/help.tdoc.es\/index.php\/pt\/home-2\/","title":{"rendered":"HOME"},"content":{"rendered":"<p><div class=\"fusion-fullwidth fullwidth-box fusion-builder-row-1 nonhundred-percent-fullwidth non-hundred-percent-height-scrolling\" style=\"background-color: rgba(255,255,255,0);background-position: center center;background-repeat: no-repeat;padding-top:20px;padding-right:0px;padding-bottom:20px;padding-left:0px;margin-bottom: 0px;margin-top: 0px;border-width: 0px 0px 0px 0px;border-color:#eae9e9;border-style:solid;\" ><div class=\"fusion-builder-row fusion-row\"><div class=\"fusion-layout-column fusion_builder_column fusion-builder-column-0 fusion_builder_column_1_1 1_1 fusion-one-full fusion-column-first fusion-column-last\" style=\"margin-top:0px;margin-bottom:20px;\"><div class=\"fusion-column-wrapper fusion-flex-column-wrapper-legacy\" style=\"background-position:left top;background-repeat:no-repeat;-webkit-background-size:cover;-moz-background-size:cover;-o-background-size:cover;background-size:cover;padding: 0px 0px 0px 0px;\"><style type=\"text\/css\"><\/style><div class=\"fusion-title title fusion-title-1 fusion-sep-none fusion-title-text fusion-title-size-one\" style=\"margin-top:0px;margin-right:0px;margin-bottom:31px;margin-left:0px;\"><h1 class=\"title-heading-left\" style=\"margin:0;\"><p><span style=\"color: #0375c9;\">HOME<br \/>\n<\/span><\/p><\/h1><\/div><div class=\"fusion-text fusion-text-1\"><p>Ao acessar a Tdoc aparece a p\u00e1gina de in\u00edcio com um resumo das a\u00e7\u00f5es realizadas.<\/p>\n<p><img class=\"alignnone size-full wp-image-12937\" src=\"https:\/\/help.tdoc.es\/wp-content\/uploads\/2020\/08\/1-11.png\" alt=\"\" width=\"28\" height=\"29\" \/><\/p>\n<p>Pressionando o bot\u00e3o acima, permite voltar a esta p\u00e1gina de in\u00edcio desde qualquer lugar da tdoc.<\/p>\n<p>A Home disp\u00f5e de uma serie de bot\u00f5es para o acesso r\u00e1pido a determinadas opera\u00e7\u00f5es.<\/p>\n<p><img class=\"alignnone size-full wp-image-19201\" src=\"https:\/\/help.tdoc.es\/wp-content\/uploads\/2023\/12\/Home.png\" alt=\"\" width=\"1912\" height=\"688\" srcset=\"https:\/\/help.tdoc.es\/wp-content\/uploads\/2023\/12\/Home-200x72.png 200w, https:\/\/help.tdoc.es\/wp-content\/uploads\/2023\/12\/Home-300x108.png 300w, https:\/\/help.tdoc.es\/wp-content\/uploads\/2023\/12\/Home-400x144.png 400w, https:\/\/help.tdoc.es\/wp-content\/uploads\/2023\/12\/Home-600x216.png 600w, https:\/\/help.tdoc.es\/wp-content\/uploads\/2023\/12\/Home-768x276.png 768w, https:\/\/help.tdoc.es\/wp-content\/uploads\/2023\/12\/Home-800x288.png 800w, https:\/\/help.tdoc.es\/wp-content\/uploads\/2023\/12\/Home-1024x368.png 1024w, https:\/\/help.tdoc.es\/wp-content\/uploads\/2023\/12\/Home-1200x432.png 1200w, https:\/\/help.tdoc.es\/wp-content\/uploads\/2023\/12\/Home-1536x553.png 1536w, https:\/\/help.tdoc.es\/wp-content\/uploads\/2023\/12\/Home.png 1912w\" sizes=\"(max-width: 1912px) 100vw, 1912px\" \/><\/p>\n<\/div><div class=\"fusion-clearfix\"><\/div><\/div><\/div><\/div><\/div><div class=\"fusion-fullwidth fullwidth-box fusion-builder-row-2 nonhundred-percent-fullwidth non-hundred-percent-height-scrolling\" style=\"background-color: rgba(255,255,255,0);background-position: center center;background-repeat: no-repeat;padding-top:20px;padding-right:0px;padding-bottom:20px;padding-left:0px;margin-bottom: 0px;margin-top: 0px;border-width: 0px 0px 0px 0px;border-color:#eae9e9;border-style:solid;\" ><div class=\"fusion-builder-row fusion-row\"><div class=\"fusion-layout-column fusion_builder_column fusion-builder-column-1 fusion_builder_column_1_1 1_1 fusion-one-full fusion-column-first fusion-column-last\" style=\"margin-top:0px;margin-bottom:20px;\"><div class=\"fusion-column-wrapper fusion-flex-column-wrapper-legacy\" style=\"background-position:left top;background-repeat:no-repeat;-webkit-background-size:cover;-moz-background-size:cover;-o-background-size:cover;background-size:cover;padding: 0px 0px 0px 0px;\"><div class=\"fusion-clearfix\"><\/div><\/div><\/div><\/div><\/div><div class=\"fusion-fullwidth fullwidth-box fusion-builder-row-3 nonhundred-percent-fullwidth non-hundred-percent-height-scrolling\" style=\"background-color: rgba(255,255,255,0);background-position: center center;background-repeat: no-repeat;padding-top:20px;padding-right:0px;padding-bottom:20px;padding-left:0px;margin-bottom: 0px;margin-top: 0px;border-width: 0px 0px 0px 0px;border-color:#eae9e9;border-style:solid;\" ><div class=\"fusion-builder-row fusion-row\"><div class=\"fusion-layout-column fusion_builder_column fusion-builder-column-2 fusion_builder_column_1_1 1_1 fusion-one-full fusion-column-first fusion-column-last\" style=\"margin-top:0px;margin-bottom:20px;\"><div class=\"fusion-column-wrapper fusion-flex-column-wrapper-legacy\" style=\"background-position:left top;background-repeat:no-repeat;-webkit-background-size:cover;-moz-background-size:cover;-o-background-size:cover;background-size:cover;padding: 0px 0px 0px 0px;\"><div class=\"fusion-clearfix\"><\/div><\/div><\/div><\/div><\/div><\/p>\n","protected":false},"excerpt":{"rendered":"","protected":false},"author":5,"featured_media":0,"parent":0,"menu_order":0,"comment_status":"closed","ping_status":"closed","template":"","meta":[],"_links":{"self":[{"href":"https:\/\/help.tdoc.es\/index.php\/wp-json\/wp\/v2\/pages\/16441"}],"collection":[{"href":"https:\/\/help.tdoc.es\/index.php\/wp-json\/wp\/v2\/pages"}],"about":[{"href":"https:\/\/help.tdoc.es\/index.php\/wp-json\/wp\/v2\/types\/page"}],"author":[{"embeddable":true,"href":"https:\/\/help.tdoc.es\/index.php\/wp-json\/wp\/v2\/users\/5"}],"replies":[{"embeddable":true,"href":"https:\/\/help.tdoc.es\/index.php\/wp-json\/wp\/v2\/comments?post=16441"}],"version-history":[{"count":4,"href":"https:\/\/help.tdoc.es\/index.php\/wp-json\/wp\/v2\/pages\/16441\/revisions"}],"predecessor-version":[{"id":19202,"href":"https:\/\/help.tdoc.es\/index.php\/wp-json\/wp\/v2\/pages\/16441\/revisions\/19202"}],"wp:attachment":[{"href":"https:\/\/help.tdoc.es\/index.php\/wp-json\/wp\/v2\/media?parent=16441"}],"curies":[{"name":"wp","href":"https:\/\/api.w.org\/{rel}","templated":true}]}}