{"id":16426,"date":"2021-11-22T15:43:07","date_gmt":"2021-11-22T15:43:07","guid":{"rendered":"https:\/\/help.tdoc.es\/?page_id=16426"},"modified":"2023-12-20T23:33:14","modified_gmt":"2023-12-20T23:33:14","slug":"16426-2","status":"publish","type":"page","link":"https:\/\/help.tdoc.es\/index.php\/pt\/16426-2\/","title":{"rendered":"Documentos de descarga obrigat\u00f3ria"},"content":{"rendered":"<p><div class=\"fusion-fullwidth fullwidth-box fusion-builder-row-1 nonhundred-percent-fullwidth non-hundred-percent-height-scrolling\" style=\"background-color: rgba(255,255,255,0);background-position: center center;background-repeat: no-repeat;padding-top:20px;padding-right:0px;padding-bottom:20px;padding-left:0px;margin-bottom: 0px;margin-top: 0px;border-width: 0px 0px 0px 0px;border-color:#eae9e9;border-style:solid;\" ><div class=\"fusion-builder-row fusion-row\"><div class=\"fusion-layout-column fusion_builder_column fusion-builder-column-0 fusion_builder_column_1_1 1_1 fusion-one-full fusion-column-first fusion-column-last\" style=\"margin-top:0px;margin-bottom:20px;\"><div class=\"fusion-column-wrapper fusion-flex-column-wrapper-legacy\" style=\"background-position:left top;background-repeat:no-repeat;-webkit-background-size:cover;-moz-background-size:cover;-o-background-size:cover;background-size:cover;padding: 0px 0px 0px 0px;\"><style type=\"text\/css\"><\/style><div class=\"fusion-title title fusion-title-1 fusion-sep-none fusion-title-text fusion-title-size-one\" style=\"margin-top:0px;margin-right:0px;margin-bottom:31px;margin-left:0px;\"><h1 class=\"title-heading-left\" style=\"margin:0;\"><span style=\"color: #0375c9;\">Documentos de descarga obrigat\u00f3ria\u00a0<\/span><\/h1><\/div><div class=\"fusion-text fusion-text-1\"><ol>\n<li>Trata-se de uma lista de documentos que o cliente requer que estejam a disposi\u00e7\u00e3o das contratas e devem ser descarregados orbigatoriamente. A aplica\u00e7\u00e3o n\u00e3o permite avan\u00e7ar at\u00e9 que todos estes documentos estejam descarregados.Existem duas op\u00e7\u00f5es:1. (<span style=\"color: #ff0000;\">*<\/span>) Permite descarregar todos os documentos de uma s\u00f3 vez pressionando: <img class=\"alignnone wp-image-19196\" src=\"https:\/\/help.tdoc.es\/wp-content\/uploads\/2023\/12\/Download-all.png\" alt=\"\" width=\"80\" height=\"27\" \/><\/li>\n<\/ol>\n<p><img class=\"alignnone size-full wp-image-19197\" src=\"https:\/\/help.tdoc.es\/wp-content\/uploads\/2023\/12\/Documento-obrigatorios-.png\" alt=\"\" width=\"1887\" height=\"568\" srcset=\"https:\/\/help.tdoc.es\/wp-content\/uploads\/2023\/12\/Documento-obrigatorios--200x60.png 200w, https:\/\/help.tdoc.es\/wp-content\/uploads\/2023\/12\/Documento-obrigatorios--300x90.png 300w, https:\/\/help.tdoc.es\/wp-content\/uploads\/2023\/12\/Documento-obrigatorios--400x120.png 400w, https:\/\/help.tdoc.es\/wp-content\/uploads\/2023\/12\/Documento-obrigatorios--600x181.png 600w, https:\/\/help.tdoc.es\/wp-content\/uploads\/2023\/12\/Documento-obrigatorios--768x231.png 768w, https:\/\/help.tdoc.es\/wp-content\/uploads\/2023\/12\/Documento-obrigatorios--800x241.png 800w, https:\/\/help.tdoc.es\/wp-content\/uploads\/2023\/12\/Documento-obrigatorios--1024x308.png 1024w, https:\/\/help.tdoc.es\/wp-content\/uploads\/2023\/12\/Documento-obrigatorios--1200x361.png 1200w, https:\/\/help.tdoc.es\/wp-content\/uploads\/2023\/12\/Documento-obrigatorios--1536x462.png 1536w, https:\/\/help.tdoc.es\/wp-content\/uploads\/2023\/12\/Documento-obrigatorios-.png 1887w\" sizes=\"(max-width: 1887px) 100vw, 1887px\" \/><\/p>\n<p>Faz o download em um Zip, diferenciando:<\/p>\n<ul>\n<li>Documento global<\/li>\n<li>Documento por tecnolog\u00eda<\/li>\n<li>Documento por instala\u00e7\u00e3o:\n<ul>\n<li>Instala\u00e7\u00e3o 1<\/li>\n<li>Instala\u00e7\u00e3o 2<\/li>\n<\/ul>\n<\/li>\n<\/ul>\n<p style=\"padding-left: 40px;\">2. Permite descarregar os documentos obrigat\u00f3rios um a um. Na medida que for fazendo o download v\u00e3o desaparecendo da lista:<\/p>\n<p><img class=\"alignnone size-full wp-image-19198\" src=\"https:\/\/help.tdoc.es\/wp-content\/uploads\/2023\/12\/Download-unico.png\" alt=\"\" width=\"1882\" height=\"546\" srcset=\"https:\/\/help.tdoc.es\/wp-content\/uploads\/2023\/12\/Download-unico-200x58.png 200w, https:\/\/help.tdoc.es\/wp-content\/uploads\/2023\/12\/Download-unico-300x87.png 300w, https:\/\/help.tdoc.es\/wp-content\/uploads\/2023\/12\/Download-unico-400x116.png 400w, https:\/\/help.tdoc.es\/wp-content\/uploads\/2023\/12\/Download-unico-600x174.png 600w, https:\/\/help.tdoc.es\/wp-content\/uploads\/2023\/12\/Download-unico-768x223.png 768w, https:\/\/help.tdoc.es\/wp-content\/uploads\/2023\/12\/Download-unico-800x232.png 800w, https:\/\/help.tdoc.es\/wp-content\/uploads\/2023\/12\/Download-unico-1024x297.png 1024w, https:\/\/help.tdoc.es\/wp-content\/uploads\/2023\/12\/Download-unico-1200x348.png 1200w, https:\/\/help.tdoc.es\/wp-content\/uploads\/2023\/12\/Download-unico-1536x446.png 1536w, https:\/\/help.tdoc.es\/wp-content\/uploads\/2023\/12\/Download-unico.png 1882w\" sizes=\"(max-width: 1882px) 100vw, 1882px\" \/><\/p>\n<p>Quando tenha efetuado uma das op\u00e7\u00f5es anteriores, a Tdoc permitir\u00e1 avan\u00e7ar selecionando: <img class=\"alignnone wp-image-12891\" src=\"https:\/\/help.tdoc.es\/wp-content\/uploads\/2020\/08\/3-2.png\" alt=\"\" width=\"77\" height=\"22\" \/><\/p>\n<p><img class=\"alignnone size-full wp-image-19199\" src=\"https:\/\/help.tdoc.es\/wp-content\/uploads\/2023\/12\/download-continuar.png\" alt=\"\" width=\"1903\" height=\"466\" srcset=\"https:\/\/help.tdoc.es\/wp-content\/uploads\/2023\/12\/download-continuar-200x49.png 200w, https:\/\/help.tdoc.es\/wp-content\/uploads\/2023\/12\/download-continuar-300x73.png 300w, https:\/\/help.tdoc.es\/wp-content\/uploads\/2023\/12\/download-continuar-400x98.png 400w, https:\/\/help.tdoc.es\/wp-content\/uploads\/2023\/12\/download-continuar-600x147.png 600w, https:\/\/help.tdoc.es\/wp-content\/uploads\/2023\/12\/download-continuar-768x188.png 768w, https:\/\/help.tdoc.es\/wp-content\/uploads\/2023\/12\/download-continuar-800x196.png 800w, https:\/\/help.tdoc.es\/wp-content\/uploads\/2023\/12\/download-continuar-1024x251.png 1024w, https:\/\/help.tdoc.es\/wp-content\/uploads\/2023\/12\/download-continuar-1200x294.png 1200w, https:\/\/help.tdoc.es\/wp-content\/uploads\/2023\/12\/download-continuar-1536x376.png 1536w, https:\/\/help.tdoc.es\/wp-content\/uploads\/2023\/12\/download-continuar.png 1903w\" sizes=\"(max-width: 1903px) 100vw, 1903px\" \/><\/p>\n<\/div><div class=\"fusion-clearfix\"><\/div><\/div><\/div><\/div><\/div><div class=\"fusion-fullwidth fullwidth-box fusion-builder-row-2 nonhundred-percent-fullwidth non-hundred-percent-height-scrolling\" style=\"background-color: rgba(255,255,255,0);background-position: center center;background-repeat: no-repeat;padding-top:20px;padding-right:0px;padding-bottom:20px;padding-left:0px;margin-bottom: 0px;margin-top: 0px;border-width: 0px 0px 0px 0px;border-color:#eae9e9;border-style:solid;\" ><div class=\"fusion-builder-row fusion-row\"><div class=\"fusion-layout-column fusion_builder_column fusion-builder-column-1 fusion_builder_column_1_1 1_1 fusion-one-full fusion-column-first fusion-column-last\" style=\"margin-top:0px;margin-bottom:20px;\"><div class=\"fusion-column-wrapper fusion-flex-column-wrapper-legacy\" style=\"background-position:left top;background-repeat:no-repeat;-webkit-background-size:cover;-moz-background-size:cover;-o-background-size:cover;background-size:cover;padding: 0px 0px 0px 0px;\"><div class=\"fusion-clearfix\"><\/div><\/div><\/div><\/div><\/div><div class=\"fusion-fullwidth fullwidth-box fusion-builder-row-3 nonhundred-percent-fullwidth non-hundred-percent-height-scrolling\" style=\"background-color: rgba(255,255,255,0);background-position: center center;background-repeat: no-repeat;padding-top:20px;padding-right:0px;padding-bottom:20px;padding-left:0px;margin-bottom: 0px;margin-top: 0px;border-width: 0px 0px 0px 0px;border-color:#eae9e9;border-style:solid;\" ><div class=\"fusion-builder-row fusion-row\"><div class=\"fusion-layout-column fusion_builder_column fusion-builder-column-2 fusion_builder_column_1_1 1_1 fusion-one-full fusion-column-first fusion-column-last\" style=\"margin-top:0px;margin-bottom:20px;\"><div class=\"fusion-column-wrapper fusion-flex-column-wrapper-legacy\" style=\"background-position:left top;background-repeat:no-repeat;-webkit-background-size:cover;-moz-background-size:cover;-o-background-size:cover;background-size:cover;padding: 0px 0px 0px 0px;\"><div class=\"fusion-clearfix\"><\/div><\/div><\/div><\/div><\/div><\/p>\n","protected":false},"excerpt":{"rendered":"","protected":false},"author":5,"featured_media":0,"parent":0,"menu_order":0,"comment_status":"closed","ping_status":"closed","template":"","meta":[],"_links":{"self":[{"href":"https:\/\/help.tdoc.es\/index.php\/wp-json\/wp\/v2\/pages\/16426"}],"collection":[{"href":"https:\/\/help.tdoc.es\/index.php\/wp-json\/wp\/v2\/pages"}],"about":[{"href":"https:\/\/help.tdoc.es\/index.php\/wp-json\/wp\/v2\/types\/page"}],"author":[{"embeddable":true,"href":"https:\/\/help.tdoc.es\/index.php\/wp-json\/wp\/v2\/users\/5"}],"replies":[{"embeddable":true,"href":"https:\/\/help.tdoc.es\/index.php\/wp-json\/wp\/v2\/comments?post=16426"}],"version-history":[{"count":7,"href":"https:\/\/help.tdoc.es\/index.php\/wp-json\/wp\/v2\/pages\/16426\/revisions"}],"predecessor-version":[{"id":19200,"href":"https:\/\/help.tdoc.es\/index.php\/wp-json\/wp\/v2\/pages\/16426\/revisions\/19200"}],"wp:attachment":[{"href":"https:\/\/help.tdoc.es\/index.php\/wp-json\/wp\/v2\/media?parent=16426"}],"curies":[{"name":"wp","href":"https:\/\/api.w.org\/{rel}","templated":true}]}}