{"id":16422,"date":"2021-11-22T15:38:22","date_gmt":"2021-11-22T15:38:22","guid":{"rendered":"https:\/\/help.tdoc.es\/?page_id=16422"},"modified":"2024-07-03T08:12:00","modified_gmt":"2024-07-03T08:12:00","slug":"dados-da-empresa","status":"publish","type":"page","link":"https:\/\/help.tdoc.es\/index.php\/pt\/manual-tdoc-empreiteiro\/dados-da-empresa\/","title":{"rendered":"Dados da empresa"},"content":{"rendered":"<p><div class=\"fusion-fullwidth fullwidth-box fusion-builder-row-1 nonhundred-percent-fullwidth non-hundred-percent-height-scrolling\" style=\"background-color: rgba(255,255,255,0);background-position: center center;background-repeat: no-repeat;padding-top:20px;padding-right:0px;padding-bottom:20px;padding-left:0px;margin-bottom: 0px;margin-top: 0px;border-width: 0px 0px 0px 0px;border-color:#eae9e9;border-style:solid;\" ><div class=\"fusion-builder-row fusion-row\"><div class=\"fusion-layout-column fusion_builder_column fusion-builder-column-0 fusion_builder_column_1_1 1_1 fusion-one-full fusion-column-first fusion-column-last\" style=\"margin-top:0px;margin-bottom:20px;\"><div class=\"fusion-column-wrapper fusion-flex-column-wrapper-legacy\" style=\"background-position:left top;background-repeat:no-repeat;-webkit-background-size:cover;-moz-background-size:cover;-o-background-size:cover;background-size:cover;padding: 0px 0px 0px 0px;\"><style type=\"text\/css\"><\/style><div class=\"fusion-title title fusion-title-1 fusion-sep-none fusion-title-text fusion-title-size-one\" style=\"margin-top:0px;margin-right:0px;margin-bottom:31px;margin-left:0px;\"><h1 class=\"title-heading-left\" style=\"margin:0;\"><span style=\"color: #0375c9;\">Dados da empresa<\/span><\/h1><\/div><div class=\"fusion-text fusion-text-1\"><p>No primeiro acesso do gestor se a empresa tiver algum dado obrigat\u00f3rio pendente estes ser\u00e3o requeridos. Os campos em amarelo s\u00e3o os obrigat\u00f3rios e dever\u00e3o ser preenchidos para poder continuar.<\/p>\n<p><img class=\"alignnone size-full wp-image-19194\" src=\"https:\/\/help.tdoc.es\/wp-content\/uploads\/2023\/12\/Dados-da-empresa.png\" alt=\"\" width=\"1867\" height=\"763\" srcset=\"https:\/\/help.tdoc.es\/wp-content\/uploads\/2023\/12\/Dados-da-empresa-200x82.png 200w, https:\/\/help.tdoc.es\/wp-content\/uploads\/2023\/12\/Dados-da-empresa-300x123.png 300w, https:\/\/help.tdoc.es\/wp-content\/uploads\/2023\/12\/Dados-da-empresa-400x163.png 400w, https:\/\/help.tdoc.es\/wp-content\/uploads\/2023\/12\/Dados-da-empresa-600x245.png 600w, https:\/\/help.tdoc.es\/wp-content\/uploads\/2023\/12\/Dados-da-empresa-669x272.png 669w, https:\/\/help.tdoc.es\/wp-content\/uploads\/2023\/12\/Dados-da-empresa-768x314.png 768w, https:\/\/help.tdoc.es\/wp-content\/uploads\/2023\/12\/Dados-da-empresa-800x327.png 800w, https:\/\/help.tdoc.es\/wp-content\/uploads\/2023\/12\/Dados-da-empresa-1024x418.png 1024w, https:\/\/help.tdoc.es\/wp-content\/uploads\/2023\/12\/Dados-da-empresa-1200x490.png 1200w, https:\/\/help.tdoc.es\/wp-content\/uploads\/2023\/12\/Dados-da-empresa-1536x628.png 1536w, https:\/\/help.tdoc.es\/wp-content\/uploads\/2023\/12\/Dados-da-empresa.png 1867w\" sizes=\"(max-width: 1867px) 100vw, 1867px\" \/><\/p>\n<\/div><div class=\"fusion-clearfix\"><\/div><\/div><\/div><\/div><\/div><div class=\"fusion-fullwidth fullwidth-box fusion-builder-row-2 nonhundred-percent-fullwidth non-hundred-percent-height-scrolling\" style=\"background-color: rgba(255,255,255,0);background-position: center center;background-repeat: no-repeat;padding-top:20px;padding-right:0px;padding-bottom:20px;padding-left:0px;margin-bottom: 0px;margin-top: 0px;border-width: 0px 0px 0px 0px;border-color:#eae9e9;border-style:solid;\" ><div class=\"fusion-builder-row fusion-row\"><div class=\"fusion-layout-column fusion_builder_column fusion-builder-column-1 fusion_builder_column_1_1 1_1 fusion-one-full fusion-column-first fusion-column-last\" style=\"margin-top:0px;margin-bottom:20px;\"><div class=\"fusion-column-wrapper fusion-flex-column-wrapper-legacy\" style=\"background-position:left top;background-repeat:no-repeat;-webkit-background-size:cover;-moz-background-size:cover;-o-background-size:cover;background-size:cover;padding: 0px 0px 0px 0px;\"><div class=\"fusion-clearfix\"><\/div><\/div><\/div><\/div><\/div><div class=\"fusion-fullwidth fullwidth-box fusion-builder-row-3 nonhundred-percent-fullwidth non-hundred-percent-height-scrolling\" style=\"background-color: rgba(255,255,255,0);background-position: center center;background-repeat: no-repeat;padding-top:20px;padding-right:0px;padding-bottom:20px;padding-left:0px;margin-bottom: 0px;margin-top: 0px;border-width: 0px 0px 0px 0px;border-color:#eae9e9;border-style:solid;\" ><div class=\"fusion-builder-row fusion-row\"><div class=\"fusion-layout-column fusion_builder_column fusion-builder-column-2 fusion_builder_column_1_1 1_1 fusion-one-full fusion-column-first fusion-column-last\" style=\"margin-top:0px;margin-bottom:20px;\"><div class=\"fusion-column-wrapper fusion-flex-column-wrapper-legacy\" style=\"background-position:left top;background-repeat:no-repeat;-webkit-background-size:cover;-moz-background-size:cover;-o-background-size:cover;background-size:cover;padding: 0px 0px 0px 0px;\"><div class=\"fusion-clearfix\"><\/div><\/div><\/div><\/div><\/div><\/p>\n","protected":false},"excerpt":{"rendered":"","protected":false},"author":5,"featured_media":0,"parent":16511,"menu_order":0,"comment_status":"closed","ping_status":"closed","template":"","meta":[],"_links":{"self":[{"href":"https:\/\/help.tdoc.es\/index.php\/wp-json\/wp\/v2\/pages\/16422"}],"collection":[{"href":"https:\/\/help.tdoc.es\/index.php\/wp-json\/wp\/v2\/pages"}],"about":[{"href":"https:\/\/help.tdoc.es\/index.php\/wp-json\/wp\/v2\/types\/page"}],"author":[{"embeddable":true,"href":"https:\/\/help.tdoc.es\/index.php\/wp-json\/wp\/v2\/users\/5"}],"replies":[{"embeddable":true,"href":"https:\/\/help.tdoc.es\/index.php\/wp-json\/wp\/v2\/comments?post=16422"}],"version-history":[{"count":4,"href":"https:\/\/help.tdoc.es\/index.php\/wp-json\/wp\/v2\/pages\/16422\/revisions"}],"predecessor-version":[{"id":19195,"href":"https:\/\/help.tdoc.es\/index.php\/wp-json\/wp\/v2\/pages\/16422\/revisions\/19195"}],"up":[{"embeddable":true,"href":"https:\/\/help.tdoc.es\/index.php\/wp-json\/wp\/v2\/pages\/16511"}],"wp:attachment":[{"href":"https:\/\/help.tdoc.es\/index.php\/wp-json\/wp\/v2\/media?parent=16422"}],"curies":[{"name":"wp","href":"https:\/\/api.w.org\/{rel}","templated":true}]}}