{"id":13217,"date":"2020-12-23T16:24:04","date_gmt":"2020-12-23T16:24:04","guid":{"rendered":"https:\/\/help.tdoc.es\/?page_id=13217"},"modified":"2023-08-16T12:12:50","modified_gmt":"2023-08-16T12:12:50","slug":"peticion-de-alta-de-subcontrata","status":"publish","type":"page","link":"https:\/\/help.tdoc.es\/index.php\/manual-tdoc-centro\/peticion-de-alta-de-subcontrata\/","title":{"rendered":"Petici\u00f3n de alta de subcontrata"},"content":{"rendered":"<div class=\"fusion-fullwidth fullwidth-box fusion-builder-row-1 nonhundred-percent-fullwidth non-hundred-percent-height-scrolling\" style=\"background-color: rgba(255,255,255,0);background-position: center center;background-repeat: no-repeat;padding-top:20px;padding-right:0px;padding-bottom:20px;padding-left:0px;margin-bottom: 0px;margin-top: 0px;border-width: 0px 0px 0px 0px;border-color:#eae9e9;border-style:solid;\" ><div class=\"fusion-builder-row fusion-row\"><div class=\"fusion-layout-column fusion_builder_column fusion-builder-column-0 fusion_builder_column_1_1 1_1 fusion-one-full fusion-column-first fusion-column-last\" style=\"margin-top:0px;margin-bottom:20px;\"><div class=\"fusion-column-wrapper fusion-flex-column-wrapper-legacy\" style=\"background-position:left top;background-repeat:no-repeat;-webkit-background-size:cover;-moz-background-size:cover;-o-background-size:cover;background-size:cover;padding: 0px 0px 0px 0px;\"><style type=\"text\/css\"><\/style><div class=\"fusion-title title fusion-title-1 fusion-sep-none fusion-title-text fusion-title-size-one\" style=\"margin-top:0px;margin-right:0px;margin-bottom:31px;margin-left:0px;\"><h1 class=\"title-heading-left\" style=\"margin:0;\"><p><span style=\"color: #0375c9;\">Petici\u00f3n de alta de subcontrata<br \/>\n<\/span><\/p><\/h1><\/div><div class=\"fusion-text fusion-text-1\"><p>Desde el men\u00fa de Peticiones de alta de subcontrata accede al listado de peticiones de alta.<\/p>\n<p><img class=\"alignnone wp-image-13218 size-full\" src=\"https:\/\/help.tdoc.es\/wp-content\/uploads\/2020\/12\/1-4.png\" alt=\"\" width=\"301\" height=\"151\" srcset=\"https:\/\/help.tdoc.es\/wp-content\/uploads\/2020\/12\/1-4-200x100.png 200w, https:\/\/help.tdoc.es\/wp-content\/uploads\/2020\/12\/1-4.png 301w\" sizes=\"(max-width: 301px) 100vw, 301px\" \/><\/p>\n<p>En la pantalla principal aparece el listado de peticiones, por defecto solo aparecen las que est\u00e1n <span style=\"color: #ffcc00;\"><strong>Sin Procesar<\/strong><\/span>.<\/p>\n<\/div><style type=\"text\/css\"><\/style><div class=\"fusion-title title fusion-title-2 fusion-sep-none fusion-title-text fusion-title-size-two\" style=\"margin-top:0px;margin-right:0px;margin-bottom:31px;margin-left:0px;\"><h2 class=\"title-heading-left\" style=\"margin:0;\"><span style=\"color: #0375c9;\">1. Lista de peticiones<\/span><\/h2><\/div><div class=\"fusion-text fusion-text-2\"><p>La columna <strong>Estado<\/strong> indica el estado de la petici\u00f3n:<\/p>\n<ul>\n<li><span style=\"color: #ffcc00;\"><strong>Sin procesar<\/strong><\/span>: todav\u00eda no se ha dado de alta la empresa que va a subcontratar para esta tarea.<\/li>\n<li><span style=\"color: #339966;\"><strong>Procesado<\/strong><\/span>: la petici\u00f3n ya ha sido procesada y la empresa que va a subcontratar ya ha sido dada de alta en la tarea.<\/li>\n<li><strong><strong><span style=\"color: #ff0000;\">*<\/span><\/strong> <span style=\"color: #ff0000;\"><span style=\"color: #339966;\">Procesada autom\u00e1ticamente: <\/span><\/span><\/strong>permite que las peticiones se procesen de forma autom\u00e1tica, siempre y cuando se cumplan las siguientes \u00a0circunstancias:\n<ul>\n<li>La empresa ya estuviera creada en tdoc previamente a la solicitud de petici\u00f3n de subcontrataci\u00f3n<\/li>\n<li>La empresa tenga al menos un gestor, o se haya incluido desde la propia solicitud de petici\u00f3n de subcontrataci\u00f3n<\/li>\n<li>El \u00e1rea funcional donde se vaya a dar de alta la nueva tareas, disponga \u00fanicamente de un tipo de empresa-.<\/li>\n<\/ul>\n<\/li>\n<li><strong><span style=\"color: #ff0000;\">Denegada<\/span> o <span style=\"color: #ff0000;\">Anulada<\/span><\/strong>: la petici\u00f3n se ha denegado o anulado.<\/li>\n<\/ul>\n<p>Inicialmente s\u00f3lo se muestran las peticiones en estado <span style=\"color: #ffcc00;\"><strong>Sin procesar<\/strong><\/span>.<\/p>\n<\/div>\n<div class=\"table-1\">\n<table width=\"100%\">\n<tbody>\n<tr>\n<td align=\"left\">\u00a0<img class=\"size-full wp-image-17909 aligncenter\" src=\"https:\/\/help.tdoc.es\/wp-content\/uploads\/2022\/03\/crear-solicttud-subcon.png\" alt=\"\" width=\"42\" height=\"42\" \/><\/td>\n<td align=\"left\">Permite crear una solicitud de subcontrataci\u00f3n.<\/td>\n<\/tr>\n<tr>\n<td align=\"left\"><img class=\"size-full wp-image-17605 aligncenter\" src=\"https:\/\/help.tdoc.es\/wp-content\/uploads\/2022\/03\/cancelar.png\" alt=\"\" width=\"34\" height=\"43\" \/><\/td>\n<td align=\"left\">Permite cancelar una solicitud de petici\u00f3n de alta que a\u00fan est\u00e9 <span style=\"color: #ffcc00;\"><strong>Sin procesar<\/strong><\/span>, debe seleccionar previamente la petici\u00f3n a cancelar.<\/td>\n<\/tr>\n<tr>\n<td align=\"left\"><img class=\"size-full wp-image-17607 aligncenter\" src=\"https:\/\/help.tdoc.es\/wp-content\/uploads\/2022\/03\/peticiones-1.png\" alt=\"\" width=\"46\" height=\"45\" \/><\/td>\n<td align=\"left\">Permite ver todas las peticiones realizadas por el usuario.<\/td>\n<\/tr>\n<tr>\n<td align=\"left\"><img class=\"size-full wp-image-17740 aligncenter\" src=\"https:\/\/help.tdoc.es\/wp-content\/uploads\/2022\/03\/excel-6.png\" alt=\"\" width=\"44\" height=\"42\" \/><\/td>\n<td align=\"left\">Genera un informe en formato Excel con el listado de peticiones.<\/td>\n<\/tr>\n<\/tbody>\n<\/table>\n<\/div>\n<div class=\"fusion-text fusion-text-3\"><p>Cada vez que se realiza una petici\u00f3n el usuario recibe un mail con el n\u00famero y los datos de la petici\u00f3n realizada. Posteriormente cuando se procesa, se recibe otro mail con la confirmaci\u00f3n de la creaci\u00f3n de dicha petici\u00f3n. Estos correos tambi\u00e9n lo reciben el usuario que la realiza, el gestor de contrata, as\u00ed como las responsables que se hayan indicado.<\/p>\n<\/div><style type=\"text\/css\"><\/style><div class=\"fusion-title title fusion-title-3 fusion-sep-none fusion-title-text fusion-title-size-two\" style=\"margin-top:0px;margin-right:0px;margin-bottom:31px;margin-left:0px;\"><h2 class=\"title-heading-left\" style=\"margin:0;\"><span style=\"color: #0375c9;\">2. Solicitud de alta de subcontrata<\/span><\/h2><\/div><div class=\"fusion-text fusion-text-4\"><p>Este tutorial est\u00e1 preparado para solicitar el alta de subcontratas (contratas principales) de nuestra empresa en uno o varios centros\/tareas.\u00a0 Esta subcontrata puede estar ya creada en la aplicaci\u00f3n, pero no como subcontrata del centro\/tarea que necesitamos. Por ello hay que realizar la petici\u00f3n de alta de subcontratas, sin que ello implique crear la empresa como nueva.<\/p>\n<p>Esta opci\u00f3n solo debe realizarse para las subcontratas directas (contratas principales). Si hay m\u00e1s niveles de subcontrataci\u00f3n, la solicitud de petici\u00f3n de alta deber\u00e1 realizarla la contrata que subcontrate directamente.<\/p>\n<p>1. Crear nueva petici\u00f3n<\/p>\n<p><img class=\"alignnone wp-image-13221 size-full\" src=\"https:\/\/help.tdoc.es\/wp-content\/uploads\/2020\/12\/4-3.png\" alt=\"\" width=\"387\" height=\"117\" srcset=\"https:\/\/help.tdoc.es\/wp-content\/uploads\/2020\/12\/4-3-200x60.png 200w, https:\/\/help.tdoc.es\/wp-content\/uploads\/2020\/12\/4-3-300x91.png 300w, https:\/\/help.tdoc.es\/wp-content\/uploads\/2020\/12\/4-3.png 387w\" sizes=\"(max-width: 387px) 100vw, 387px\" \/><\/p>\n<p>Pulsamos aceptar para empezar el proceso. Si pulsa cancelar aparecer\u00e1 en el listado de peticiones.<\/p>\n<p>2. Formulario de alta de subcontrata.<\/p>\n<p>Muestra los diferentes pasos que se van a seguir a continuaci\u00f3n. Pulse &#8216;Siguiente&#8217;.<\/p>\n<p><img class=\"alignnone wp-image-13222 \" src=\"https:\/\/help.tdoc.es\/wp-content\/uploads\/2020\/12\/5-2.png\" alt=\"\" width=\"576\" height=\"57\" srcset=\"https:\/\/help.tdoc.es\/wp-content\/uploads\/2020\/12\/5-2-200x20.png 200w, https:\/\/help.tdoc.es\/wp-content\/uploads\/2020\/12\/5-2-300x30.png 300w, https:\/\/help.tdoc.es\/wp-content\/uploads\/2020\/12\/5-2-400x40.png 400w, https:\/\/help.tdoc.es\/wp-content\/uploads\/2020\/12\/5-2.png 566w\" sizes=\"(max-width: 576px) 100vw, 576px\" \/><\/p>\n<p style=\"padding-left: 40px;\">2. 1. Buscar\/Crear empresa-subcontrata<\/p>\n<p>En este caso se le indica a tdoc los datos de la empresa que quiere a\u00f1adir. Introduzca el CIF o nombre de la empresa y seleccione &#8216;Buscar&#8217;.<\/p>\n<p><img class=\"alignnone wp-image-13223 \" src=\"https:\/\/help.tdoc.es\/wp-content\/uploads\/2020\/12\/6-2.png\" alt=\"\" width=\"579\" height=\"94\" srcset=\"https:\/\/help.tdoc.es\/wp-content\/uploads\/2020\/12\/6-2-200x32.png 200w, https:\/\/help.tdoc.es\/wp-content\/uploads\/2020\/12\/6-2-300x49.png 300w, https:\/\/help.tdoc.es\/wp-content\/uploads\/2020\/12\/6-2-400x65.png 400w, https:\/\/help.tdoc.es\/wp-content\/uploads\/2020\/12\/6-2.png 567w\" sizes=\"(max-width: 579px) 100vw, 579px\" \/><\/p>\n<p>Si ya est\u00e1 dada de alta le aparecer\u00e1 para que pueda seleccionar.<\/p>\n<p><img class=\"alignnone wp-image-13620 \" src=\"https:\/\/help.tdoc.es\/wp-content\/uploads\/2021\/02\/Captura-2.png\" alt=\"\" width=\"586\" height=\"157\" srcset=\"https:\/\/help.tdoc.es\/wp-content\/uploads\/2021\/02\/Captura-2-200x54.png 200w, https:\/\/help.tdoc.es\/wp-content\/uploads\/2021\/02\/Captura-2-300x80.png 300w, https:\/\/help.tdoc.es\/wp-content\/uploads\/2021\/02\/Captura-2-400x107.png 400w, https:\/\/help.tdoc.es\/wp-content\/uploads\/2021\/02\/Captura-2-600x161.png 600w, https:\/\/help.tdoc.es\/wp-content\/uploads\/2021\/02\/Captura-2.png 713w\" sizes=\"(max-width: 586px) 100vw, 586px\" \/><\/p>\n<p>Si los datos que le facilita la tdoc no son acordes a la empresa solicitada, seleccione &#8216;A\u00f1adir&#8217;, le dar\u00e1 la opci\u00f3n de introducir los datos correspondientes.<\/p>\n<p><img class=\"alignnone wp-image-13225 \" src=\"https:\/\/help.tdoc.es\/wp-content\/uploads\/2020\/12\/8-2.png\" alt=\"\" width=\"583\" height=\"73\" srcset=\"https:\/\/help.tdoc.es\/wp-content\/uploads\/2020\/12\/8-2-200x25.png 200w, https:\/\/help.tdoc.es\/wp-content\/uploads\/2020\/12\/8-2-300x38.png 300w, https:\/\/help.tdoc.es\/wp-content\/uploads\/2020\/12\/8-2-400x50.png 400w, https:\/\/help.tdoc.es\/wp-content\/uploads\/2020\/12\/8-2.png 567w\" sizes=\"(max-width: 583px) 100vw, 583px\" \/><\/p>\n<p>Esta operaci\u00f3n no implica necesariamente que la empresa se vaya a crear de cero, sino que se crea como subcontrata suya. Si la empresa que ha creado, ya dispone de documentaci\u00f3n, esta se mantendr\u00e1.<\/p>\n<p style=\"padding-left: 40px;\">2.2. A\u00f1adir gestor<\/p>\n<p>Los campos obligatorios (amarillo) son el email de acceso, nombre y primer apellido. La persona que se indique en este apartado corresponde con la encargada de gestionar esta subcontrata en la aplicaci\u00f3n.<\/p>\n<p>Este apartado solo es obligatorio cuando la empresa-subcontrata no dispone de ning\u00fan gestor.<\/p>\n<p><img class=\"alignnone wp-image-13226 \" src=\"https:\/\/help.tdoc.es\/wp-content\/uploads\/2020\/12\/9-2.png\" alt=\"\" width=\"595\" height=\"86\" srcset=\"https:\/\/help.tdoc.es\/wp-content\/uploads\/2020\/12\/9-2-200x29.png 200w, https:\/\/help.tdoc.es\/wp-content\/uploads\/2020\/12\/9-2-300x43.png 300w, https:\/\/help.tdoc.es\/wp-content\/uploads\/2020\/12\/9-2-400x58.png 400w, https:\/\/help.tdoc.es\/wp-content\/uploads\/2020\/12\/9-2.png 567w\" sizes=\"(max-width: 595px) 100vw, 595px\" \/><\/p>\n<\/div>\n<div class=\"table-1\">\n<table width=\"100%\">\n<tbody>\n<tr>\n<td align=\"left\"><img class=\"wp-image-17879 aligncenter\" src=\"https:\/\/help.tdoc.es\/wp-content\/uploads\/2022\/03\/Tabla-2_1-4-300x27.png\" alt=\"\" width=\"170\" height=\"15\" srcset=\"https:\/\/help.tdoc.es\/wp-content\/uploads\/2022\/03\/Tabla-2_1-4-200x18.png 200w, https:\/\/help.tdoc.es\/wp-content\/uploads\/2022\/03\/Tabla-2_1-4-300x27.png 300w, https:\/\/help.tdoc.es\/wp-content\/uploads\/2022\/03\/Tabla-2_1-4-400x36.png 400w, https:\/\/help.tdoc.es\/wp-content\/uploads\/2022\/03\/Tabla-2_1-4.png 528w\" sizes=\"(max-width: 170px) 100vw, 170px\" \/><\/td>\n<td align=\"left\">Permiten incluirte a ti mismo como gestor de esa empresa-sucontrata.<\/td>\n<\/tr>\n<tr>\n<td align=\"left\"><img class=\"wp-image-17880 aligncenter\" src=\"https:\/\/help.tdoc.es\/wp-content\/uploads\/2022\/03\/Tabla-2_2-2.png\" alt=\"\" width=\"54\" height=\"27\" srcset=\"https:\/\/help.tdoc.es\/wp-content\/uploads\/2022\/03\/Tabla-2_2-2-200x100.png 200w, https:\/\/help.tdoc.es\/wp-content\/uploads\/2022\/03\/Tabla-2_2-2.png 251w\" sizes=\"(max-width: 54px) 100vw, 54px\" \/><\/td>\n<td align=\"left\">Permite omitir esta Informaci\u00f3n, que solo se habilitar\u00e1 si la empresa-subcontrata ya dispone de al menos un gestor.<\/td>\n<\/tr>\n<tr>\n<td align=\"left\"><img class=\"wp-image-17881 aligncenter\" src=\"https:\/\/help.tdoc.es\/wp-content\/uploads\/2022\/03\/Tabla-2_3-2-300x71.png\" alt=\"\" width=\"97\" height=\"23\" srcset=\"https:\/\/help.tdoc.es\/wp-content\/uploads\/2022\/03\/Tabla-2_3-2-200x47.png 200w, https:\/\/help.tdoc.es\/wp-content\/uploads\/2022\/03\/Tabla-2_3-2-300x71.png 300w, https:\/\/help.tdoc.es\/wp-content\/uploads\/2022\/03\/Tabla-2_3-2-400x94.png 400w, https:\/\/help.tdoc.es\/wp-content\/uploads\/2022\/03\/Tabla-2_3-2.png 497w\" sizes=\"(max-width: 97px) 100vw, 97px\" \/><\/td>\n<td align=\"left\">Permite incluir m\u00e1s de un gestor a esa empresa-sucontrata.<\/td>\n<\/tr>\n<\/tbody>\n<\/table>\n<\/div>\n<div class=\"fusion-text fusion-text-5\"><p>Pulse &#8216;Siguiente&#8217; para continuar.<\/p>\n<p style=\"padding-left: 40px;\">2.3. Selecci\u00f3n de centros de trabajo<\/p>\n<p>En la columna &#8216;Disponibles&#8217; aparecer\u00e1n los centros en los cuales tiene acceso, debe elegir aquellos a los que esta empresa vaya a acceder y pasarlos a la columna de la derecha &#8216;A\u00f1adidos&#8217;, utilizando la opci\u00f3n &#8216;Copiar&#8217; o &#8216;Copiar todos&#8217;.<\/p>\n<p><img class=\"alignnone wp-image-13600 \" src=\"https:\/\/help.tdoc.es\/wp-content\/uploads\/2021\/01\/Captura-14.png\" alt=\"\" width=\"627\" height=\"200\" srcset=\"https:\/\/help.tdoc.es\/wp-content\/uploads\/2021\/01\/Captura-14-200x64.png 200w, https:\/\/help.tdoc.es\/wp-content\/uploads\/2021\/01\/Captura-14-300x96.png 300w, https:\/\/help.tdoc.es\/wp-content\/uploads\/2021\/01\/Captura-14-400x128.png 400w, https:\/\/help.tdoc.es\/wp-content\/uploads\/2021\/01\/Captura-14-600x191.png 600w, https:\/\/help.tdoc.es\/wp-content\/uploads\/2021\/01\/Captura-14.png 712w\" sizes=\"(max-width: 627px) 100vw, 627px\" \/><\/p>\n<p>Los centros seleccionados deben pertenecer a la misma \u00e1rea funcional. Si quiere solicitar el alta en centros de trabajo de distintas \u00e1reas funcionales, debe hacer varias peticiones.<\/p>\n<p>En la columna de a\u00f1adidos pueden aparecer resaltados algunos centros, debido a que en esos centros ya est\u00e1 concluida la empresa.<\/p>\n<p>Pulse &#8216;Siguiente&#8217; para continuar.<\/p>\n<p style=\"padding-left: 40px;\">2.4. Tipo de Empresa y Responsable de los trabajos<\/p>\n<p>En este apartado indicamos el email responsable de los trabajos y el tipo de empresa.<\/p>\n<p><img class=\"alignnone wp-image-13601 \" src=\"https:\/\/help.tdoc.es\/wp-content\/uploads\/2021\/01\/Imagen6-1.png\" alt=\"\" width=\"642\" height=\"221\" srcset=\"https:\/\/help.tdoc.es\/wp-content\/uploads\/2021\/01\/Imagen6-1-200x69.png 200w, https:\/\/help.tdoc.es\/wp-content\/uploads\/2021\/01\/Imagen6-1-300x103.png 300w, https:\/\/help.tdoc.es\/wp-content\/uploads\/2021\/01\/Imagen6-1-400x138.png 400w, https:\/\/help.tdoc.es\/wp-content\/uploads\/2021\/01\/Imagen6-1.png 567w\" sizes=\"(max-width: 642px) 100vw, 642px\" \/><\/p>\n<\/div>\n<div class=\"table-1\">\n<table width=\"100%\">\n<tbody>\n<tr>\n<td align=\"left\"><img class=\"size-full wp-image-17912 aligncenter\" src=\"https:\/\/help.tdoc.es\/wp-content\/uploads\/2022\/03\/1-13.png\" alt=\"\" width=\"144\" height=\"41\" \/><\/td>\n<td align=\"left\">Permiten desplegar una breve descripci\u00f3n de las opciones que ofrece la pantalla:<\/p>\n<p><img class=\"alignnone wp-image-17917\" src=\"https:\/\/help.tdoc.es\/wp-content\/uploads\/2022\/03\/3-2-300x29.png\" alt=\"\" width=\"476\" height=\"46\" srcset=\"https:\/\/help.tdoc.es\/wp-content\/uploads\/2022\/03\/3-2-200x19.png 200w, https:\/\/help.tdoc.es\/wp-content\/uploads\/2022\/03\/3-2-300x29.png 300w, https:\/\/help.tdoc.es\/wp-content\/uploads\/2022\/03\/3-2-400x39.png 400w, https:\/\/help.tdoc.es\/wp-content\/uploads\/2022\/03\/3-2-600x58.png 600w, https:\/\/help.tdoc.es\/wp-content\/uploads\/2022\/03\/3-2-768x75.png 768w, https:\/\/help.tdoc.es\/wp-content\/uploads\/2022\/03\/3-2-800x78.png 800w, https:\/\/help.tdoc.es\/wp-content\/uploads\/2022\/03\/3-2-1024x100.png 1024w, https:\/\/help.tdoc.es\/wp-content\/uploads\/2022\/03\/3-2.png 1098w\" sizes=\"(max-width: 476px) 100vw, 476px\" \/><\/td>\n<\/tr>\n<tr>\n<td align=\"left\"><img class=\"wp-image-17916 aligncenter\" src=\"https:\/\/help.tdoc.es\/wp-content\/uploads\/2022\/03\/1-14-300x77.png\" alt=\"\" width=\"164\" height=\"42\" srcset=\"https:\/\/help.tdoc.es\/wp-content\/uploads\/2022\/03\/1-14-200x51.png 200w, https:\/\/help.tdoc.es\/wp-content\/uploads\/2022\/03\/1-14-300x77.png 300w, https:\/\/help.tdoc.es\/wp-content\/uploads\/2022\/03\/1-14-400x103.png 400w, https:\/\/help.tdoc.es\/wp-content\/uploads\/2022\/03\/1-14.png 579w\" sizes=\"(max-width: 164px) 100vw, 164px\" \/><\/td>\n<td align=\"left\">Permite registrar al responsable de esa tarea.<\/td>\n<\/tr>\n<tr>\n<td align=\"left\"><img class=\"wp-image-17915 aligncenter\" src=\"https:\/\/help.tdoc.es\/wp-content\/uploads\/2022\/03\/tipo-de-empresa-e1647341141474-300x86.png\" alt=\"\" width=\"160\" height=\"46\" srcset=\"https:\/\/help.tdoc.es\/wp-content\/uploads\/2022\/03\/tipo-de-empresa-e1647341141474-200x57.png 200w, https:\/\/help.tdoc.es\/wp-content\/uploads\/2022\/03\/tipo-de-empresa-e1647341141474-300x86.png 300w, https:\/\/help.tdoc.es\/wp-content\/uploads\/2022\/03\/tipo-de-empresa-e1647341141474.png 384w\" sizes=\"(max-width: 160px) 100vw, 160px\" \/><\/td>\n<td align=\"left\">Permite definir el tipo de empresa que dispondr\u00e1.<\/td>\n<\/tr>\n<tr>\n<td align=\"left\"><img class=\"wp-image-17913 aligncenter\" src=\"https:\/\/help.tdoc.es\/wp-content\/uploads\/2022\/03\/a-peticion-de-300x54.png\" alt=\"\" width=\"156\" height=\"28\" srcset=\"https:\/\/help.tdoc.es\/wp-content\/uploads\/2022\/03\/a-peticion-de-200x36.png 200w, https:\/\/help.tdoc.es\/wp-content\/uploads\/2022\/03\/a-peticion-de-300x54.png 300w, https:\/\/help.tdoc.es\/wp-content\/uploads\/2022\/03\/a-peticion-de-400x72.png 400w, https:\/\/help.tdoc.es\/wp-content\/uploads\/2022\/03\/a-peticion-de-460x86.png 460w, https:\/\/help.tdoc.es\/wp-content\/uploads\/2022\/03\/a-peticion-de.png 475w\" sizes=\"(max-width: 156px) 100vw, 156px\" \/><\/p>\n<p><img class=\"wp-image-17914 aligncenter\" src=\"https:\/\/help.tdoc.es\/wp-content\/uploads\/2022\/03\/anotaciones-1-300x120.png\" alt=\"\" width=\"158\" height=\"63\" srcset=\"https:\/\/help.tdoc.es\/wp-content\/uploads\/2022\/03\/anotaciones-1-200x80.png 200w, https:\/\/help.tdoc.es\/wp-content\/uploads\/2022\/03\/anotaciones-1-300x120.png 300w, https:\/\/help.tdoc.es\/wp-content\/uploads\/2022\/03\/anotaciones-1.png 366w\" sizes=\"(max-width: 158px) 100vw, 158px\" \/><\/td>\n<td align=\"left\">Permite incluir Informaci\u00f3n del mail y anotaciones, si realizas la petici\u00f3n a nombre de otra persona.<\/td>\n<\/tr>\n<\/tbody>\n<\/table>\n<\/div>\n<div class=\"fusion-text fusion-text-6\"><p>Pulse &#8216;Siguiente&#8217; para continuar.<\/p>\n<p style=\"padding-left: 40px;\">2.5. <span style=\"color: #ff0000;\">*<\/span>Datos de la tarea<\/p>\n<p>Debe introducir los datos correspondientes al trabajo \/ tarea a realizar:<\/p>\n<p>1- Nombre de la tarea (obligatorio)<\/p>\n<p>2- Fecha inicio<\/p>\n<p>3-Fecha fin<\/p>\n<p>4-Riesgos\/Capacitaciones que aplicar\u00e1n al trabajo \/ tarea. Debe seleccionar de la columna &#8216;Disponibles&#8217; y copiar a la columna &#8216;A\u00f1adidos&#8217;.<\/p>\n<p>5. Tareas disponibles. Permite definir la tarea seg\u00fan las tareas predeterminadas disponibles.<\/p>\n<p><img class=\"alignnone wp-image-13616 \" src=\"https:\/\/help.tdoc.es\/wp-content\/uploads\/2021\/02\/Captura.2PNG.png\" alt=\"\" width=\"637\" height=\"314\" srcset=\"https:\/\/help.tdoc.es\/wp-content\/uploads\/2021\/02\/Captura.2PNG-200x99.png 200w, https:\/\/help.tdoc.es\/wp-content\/uploads\/2021\/02\/Captura.2PNG-300x148.png 300w, https:\/\/help.tdoc.es\/wp-content\/uploads\/2021\/02\/Captura.2PNG-400x197.png 400w, https:\/\/help.tdoc.es\/wp-content\/uploads\/2021\/02\/Captura.2PNG-600x296.png 600w, https:\/\/help.tdoc.es\/wp-content\/uploads\/2021\/02\/Captura.2PNG.png 712w\" sizes=\"(max-width: 637px) 100vw, 637px\" \/><\/p>\n<p>Pulse &#8216;Siguiente&#8217; para terminar.<\/p>\n<p style=\"padding-left: 40px;\">2.6. Resumen<\/p>\n<p>A continuaci\u00f3n, aparece un resumen con toda la informaci\u00f3n facilitada para la creaci\u00f3n de la petici\u00f3n. Si esta es correcta, seleccione &#8216;Guardar\u00bb para terminar.<\/p>\n<p><img class=\"alignnone wp-image-13233 \" src=\"https:\/\/help.tdoc.es\/wp-content\/uploads\/2020\/12\/16-2.png\" alt=\"\" width=\"630\" height=\"191\" srcset=\"https:\/\/help.tdoc.es\/wp-content\/uploads\/2020\/12\/16-2-200x61.png 200w, https:\/\/help.tdoc.es\/wp-content\/uploads\/2020\/12\/16-2-300x91.png 300w, https:\/\/help.tdoc.es\/wp-content\/uploads\/2020\/12\/16-2-400x121.png 400w, https:\/\/help.tdoc.es\/wp-content\/uploads\/2020\/12\/16-2.png 567w\" sizes=\"(max-width: 630px) 100vw, 630px\" \/><\/p>\n<p>Si la petici\u00f3n ha sido realizada correctamente, se le enviar\u00e1 autom\u00e1ticamente un e-mail con la informaci\u00f3n de la petici\u00f3n realizada.<\/p>\n<p>Una vez que la petici\u00f3n haya sido procesada recibir\u00e1 un e-mail. Este e-mail se enviar\u00e1 tambi\u00e9n a la persona que ha indicado que gestionar\u00e1 la documentaci\u00f3n de esta empresa junto con la informaci\u00f3n de acceso a la aplicaci\u00f3n. Hasta que no reciba un segundo correo con la confirmaci\u00f3n de que la petici\u00f3n se ha <strong><span style=\"color: #339966;\">Procesado<\/span><\/strong>, esta solicitud no est\u00e1 en producci\u00f3n.<\/p>\n<\/div><div class=\"fusion-clearfix\"><\/div><\/div><\/div><\/div><\/div>\n","protected":false},"excerpt":{"rendered":"","protected":false},"author":1,"featured_media":0,"parent":12485,"menu_order":0,"comment_status":"closed","ping_status":"closed","template":"","meta":[],"_links":{"self":[{"href":"https:\/\/help.tdoc.es\/index.php\/wp-json\/wp\/v2\/pages\/13217"}],"collection":[{"href":"https:\/\/help.tdoc.es\/index.php\/wp-json\/wp\/v2\/pages"}],"about":[{"href":"https:\/\/help.tdoc.es\/index.php\/wp-json\/wp\/v2\/types\/page"}],"author":[{"embeddable":true,"href":"https:\/\/help.tdoc.es\/index.php\/wp-json\/wp\/v2\/users\/1"}],"replies":[{"embeddable":true,"href":"https:\/\/help.tdoc.es\/index.php\/wp-json\/wp\/v2\/comments?post=13217"}],"version-history":[{"count":44,"href":"https:\/\/help.tdoc.es\/index.php\/wp-json\/wp\/v2\/pages\/13217\/revisions"}],"predecessor-version":[{"id":18980,"href":"https:\/\/help.tdoc.es\/index.php\/wp-json\/wp\/v2\/pages\/13217\/revisions\/18980"}],"up":[{"embeddable":true,"href":"https:\/\/help.tdoc.es\/index.php\/wp-json\/wp\/v2\/pages\/12485"}],"wp:attachment":[{"href":"https:\/\/help.tdoc.es\/index.php\/wp-json\/wp\/v2\/media?parent=13217"}],"curies":[{"name":"wp","href":"https:\/\/api.w.org\/{rel}","templated":true}]}}