{"id":12873,"date":"2020-08-25T14:48:05","date_gmt":"2020-08-25T14:48:05","guid":{"rendered":"https:\/\/help.tdoc.es\/?page_id=12873"},"modified":"2021-05-05T12:23:43","modified_gmt":"2021-05-05T12:23:43","slug":"terminos-legales","status":"publish","type":"page","link":"https:\/\/help.tdoc.es\/index.php\/manual-tdoc\/terminos-legales\/","title":{"rendered":"T\u00e9rminos legales"},"content":{"rendered":"<p><div class=\"fusion-fullwidth fullwidth-box fusion-builder-row-1 nonhundred-percent-fullwidth non-hundred-percent-height-scrolling\" style=\"background-color: rgba(255,255,255,0);background-position: center center;background-repeat: no-repeat;padding-top:20px;padding-right:0px;padding-bottom:20px;padding-left:0px;margin-bottom: 0px;margin-top: 0px;border-width: 0px 0px 0px 0px;border-color:#eae9e9;border-style:solid;\" ><div class=\"fusion-builder-row fusion-row\"><div class=\"fusion-layout-column fusion_builder_column fusion-builder-column-0 fusion_builder_column_1_1 1_1 fusion-one-full fusion-column-first fusion-column-last\" style=\"margin-top:0px;margin-bottom:20px;\"><div class=\"fusion-column-wrapper fusion-flex-column-wrapper-legacy\" style=\"background-position:left top;background-repeat:no-repeat;-webkit-background-size:cover;-moz-background-size:cover;-o-background-size:cover;background-size:cover;padding: 0px 0px 0px 0px;\"><style type=\"text\/css\"><\/style><div class=\"fusion-title title fusion-title-1 fusion-sep-none fusion-title-text fusion-title-size-one\" style=\"margin-top:0px;margin-right:0px;margin-bottom:31px;margin-left:0px;\"><h1 class=\"title-heading-left\" style=\"margin:0;\"><p><span style=\"color: #0375c9;\">T\u00e9rminos legales<br \/>\n<\/span><\/p><\/h1><\/div><style type=\"text\/css\"><\/style><div class=\"fusion-title title fusion-title-2 fusion-sep-none fusion-title-text fusion-title-size-two\" style=\"margin-top:0px;margin-right:0px;margin-bottom:31px;margin-left:0px;\"><h2 class=\"title-heading-left\" style=\"margin:0;\"><span style=\"color: #0375c9;\">Aceptaci\u00f3n de T\u00e9rminos Legales y Condiciones de Uso<\/span><\/h2><\/div><div class=\"fusion-text fusion-text-1\"><p>Al iniciar la aplicaci\u00f3n por primera vez deber\u00e1 aceptar las condiciones de uso y t\u00e9rminos legales correspondientes a la aplicaci\u00f3n. Se mostrar\u00e1 una pantalla como la siguiente, simplemente l\u00e9alo y si est\u00e1 de acuerdo, marque el check y pulse Aceptar.<\/p>\n<p>Si lo desea tambi\u00e9n puede imprimir los t\u00e9rminos legales y condiciones de uso.<\/p>\n<p><img class=\"alignnone size-large wp-image-12874\" src=\"https:\/\/help.tdoc.es\/wp-content\/uploads\/2020\/08\/1-4-1024x370.png\" alt=\"\" width=\"1024\" height=\"370\" srcset=\"https:\/\/help.tdoc.es\/wp-content\/uploads\/2020\/08\/1-4-200x72.png 200w, https:\/\/help.tdoc.es\/wp-content\/uploads\/2020\/08\/1-4-300x109.png 300w, https:\/\/help.tdoc.es\/wp-content\/uploads\/2020\/08\/1-4-400x145.png 400w, https:\/\/help.tdoc.es\/wp-content\/uploads\/2020\/08\/1-4-600x217.png 600w, https:\/\/help.tdoc.es\/wp-content\/uploads\/2020\/08\/1-4-768x278.png 768w, https:\/\/help.tdoc.es\/wp-content\/uploads\/2020\/08\/1-4-800x289.png 800w, https:\/\/help.tdoc.es\/wp-content\/uploads\/2020\/08\/1-4-1024x370.png 1024w, https:\/\/help.tdoc.es\/wp-content\/uploads\/2020\/08\/1-4-1200x434.png 1200w, https:\/\/help.tdoc.es\/wp-content\/uploads\/2020\/08\/1-4-1536x556.png 1536w, https:\/\/help.tdoc.es\/wp-content\/uploads\/2020\/08\/1-4.png 1910w\" sizes=\"(max-width: 1024px) 100vw, 1024px\" \/><\/p>\n<p><img class=\"alignnone size-large wp-image-12875\" src=\"https:\/\/help.tdoc.es\/wp-content\/uploads\/2020\/08\/2-3-1024x371.png\" alt=\"\" width=\"1024\" height=\"371\" srcset=\"https:\/\/help.tdoc.es\/wp-content\/uploads\/2020\/08\/2-3-200x73.png 200w, https:\/\/help.tdoc.es\/wp-content\/uploads\/2020\/08\/2-3-300x109.png 300w, https:\/\/help.tdoc.es\/wp-content\/uploads\/2020\/08\/2-3-400x145.png 400w, https:\/\/help.tdoc.es\/wp-content\/uploads\/2020\/08\/2-3-600x218.png 600w, https:\/\/help.tdoc.es\/wp-content\/uploads\/2020\/08\/2-3-768x278.png 768w, https:\/\/help.tdoc.es\/wp-content\/uploads\/2020\/08\/2-3-800x290.png 800w, https:\/\/help.tdoc.es\/wp-content\/uploads\/2020\/08\/2-3-1024x371.png 1024w, https:\/\/help.tdoc.es\/wp-content\/uploads\/2020\/08\/2-3-1200x435.png 1200w, https:\/\/help.tdoc.es\/wp-content\/uploads\/2020\/08\/2-3-1536x557.png 1536w, https:\/\/help.tdoc.es\/wp-content\/uploads\/2020\/08\/2-3.png 1914w\" sizes=\"(max-width: 1024px) 100vw, 1024px\" \/><\/p>\n<\/div><div class=\"fusion-clearfix\"><\/div><\/div><\/div><\/div><\/div><div class=\"fusion-fullwidth fullwidth-box fusion-builder-row-2 nonhundred-percent-fullwidth non-hundred-percent-height-scrolling\" style=\"background-color: rgba(255,255,255,0);background-position: center center;background-repeat: no-repeat;padding-top:20px;padding-right:0px;padding-bottom:20px;padding-left:0px;margin-bottom: 0px;margin-top: 0px;border-width: 0px 0px 0px 0px;border-color:#eae9e9;border-style:solid;\" ><div class=\"fusion-builder-row fusion-row\"><div class=\"fusion-layout-column fusion_builder_column fusion-builder-column-1 fusion_builder_column_1_1 1_1 fusion-one-full fusion-column-first fusion-column-last\" style=\"margin-top:0px;margin-bottom:20px;\"><div class=\"fusion-column-wrapper fusion-flex-column-wrapper-legacy\" style=\"background-position:left top;background-repeat:no-repeat;-webkit-background-size:cover;-moz-background-size:cover;-o-background-size:cover;background-size:cover;padding: 0px 0px 0px 0px;\"><div class=\"fusion-clearfix\"><\/div><\/div><\/div><\/div><\/div><div class=\"fusion-fullwidth fullwidth-box fusion-builder-row-3 nonhundred-percent-fullwidth non-hundred-percent-height-scrolling\" style=\"background-color: rgba(255,255,255,0);background-position: center center;background-repeat: no-repeat;padding-top:20px;padding-right:0px;padding-bottom:20px;padding-left:0px;margin-bottom: 0px;margin-top: 0px;border-width: 0px 0px 0px 0px;border-color:#eae9e9;border-style:solid;\" ><div class=\"fusion-builder-row fusion-row\"><div class=\"fusion-layout-column fusion_builder_column fusion-builder-column-2 fusion_builder_column_1_1 1_1 fusion-one-full fusion-column-first fusion-column-last\" style=\"margin-top:0px;margin-bottom:20px;\"><div class=\"fusion-column-wrapper fusion-flex-column-wrapper-legacy\" style=\"background-position:left top;background-repeat:no-repeat;-webkit-background-size:cover;-moz-background-size:cover;-o-background-size:cover;background-size:cover;padding: 0px 0px 0px 0px;\"><div class=\"fusion-clearfix\"><\/div><\/div><\/div><\/div><\/div><\/p>\n","protected":false},"excerpt":{"rendered":"","protected":false},"author":1,"featured_media":0,"parent":12165,"menu_order":0,"comment_status":"closed","ping_status":"closed","template":"","meta":[],"_links":{"self":[{"href":"https:\/\/help.tdoc.es\/index.php\/wp-json\/wp\/v2\/pages\/12873"}],"collection":[{"href":"https:\/\/help.tdoc.es\/index.php\/wp-json\/wp\/v2\/pages"}],"about":[{"href":"https:\/\/help.tdoc.es\/index.php\/wp-json\/wp\/v2\/types\/page"}],"author":[{"embeddable":true,"href":"https:\/\/help.tdoc.es\/index.php\/wp-json\/wp\/v2\/users\/1"}],"replies":[{"embeddable":true,"href":"https:\/\/help.tdoc.es\/index.php\/wp-json\/wp\/v2\/comments?post=12873"}],"version-history":[{"count":5,"href":"https:\/\/help.tdoc.es\/index.php\/wp-json\/wp\/v2\/pages\/12873\/revisions"}],"predecessor-version":[{"id":14847,"href":"https:\/\/help.tdoc.es\/index.php\/wp-json\/wp\/v2\/pages\/12873\/revisions\/14847"}],"up":[{"embeddable":true,"href":"https:\/\/help.tdoc.es\/index.php\/wp-json\/wp\/v2\/pages\/12165"}],"wp:attachment":[{"href":"https:\/\/help.tdoc.es\/index.php\/wp-json\/wp\/v2\/media?parent=12873"}],"curies":[{"name":"wp","href":"https:\/\/api.w.org\/{rel}","templated":true}]}}