{"id":12682,"date":"2020-06-11T13:04:19","date_gmt":"2020-06-11T13:04:19","guid":{"rendered":"https:\/\/help.tdoc.es\/?page_id=12682"},"modified":"2020-06-11T14:53:29","modified_gmt":"2020-06-11T14:53:29","slug":"key-user-siniestralidad","status":"publish","type":"page","link":"https:\/\/help.tdoc.es\/index.php\/manual-tdoc-key-user\/key-user-siniestralidad\/","title":{"rendered":"Key user &#8211; Siniestralidad"},"content":{"rendered":"<div class=\"fusion-fullwidth fullwidth-box fusion-builder-row-1 nonhundred-percent-fullwidth non-hundred-percent-height-scrolling\" style=\"background-color: rgba(255,255,255,0);background-position: center center;background-repeat: no-repeat;padding-top:20px;padding-right:0px;padding-bottom:20px;padding-left:0px;margin-bottom: 0px;margin-top: 0px;border-width: 0px 0px 0px 0px;border-color:#eae9e9;border-style:solid;\" ><div class=\"fusion-builder-row fusion-row\"><div class=\"fusion-layout-column fusion_builder_column fusion-builder-column-0 fusion_builder_column_1_1 1_1 fusion-one-full fusion-column-first fusion-column-last\" style=\"margin-top:0px;margin-bottom:20px;\"><div class=\"fusion-column-wrapper fusion-flex-column-wrapper-legacy\" style=\"background-position:left top;background-repeat:no-repeat;-webkit-background-size:cover;-moz-background-size:cover;-o-background-size:cover;background-size:cover;padding: 0px 0px 0px 0px;\"><style type=\"text\/css\"><\/style><div class=\"fusion-title title fusion-title-1 fusion-sep-none fusion-title-text fusion-title-size-one\" style=\"margin-top:0px;margin-right:0px;margin-bottom:31px;margin-left:0px;\"><h1 class=\"title-heading-left\" style=\"margin:0;\"><p><span style=\"color: #0375c9;\">tdoc<br \/>\n<\/span><\/p><\/h1><\/div><style type=\"text\/css\"><\/style><div class=\"fusion-title title fusion-title-2 fusion-sep-none fusion-title-text fusion-title-size-two\" style=\"margin-top:0px;margin-right:0px;margin-bottom:31px;margin-left:0px;\"><h2 class=\"title-heading-left\" style=\"margin:0;\"><span style=\"color: #0375c9;\">Configuraci\u00f3n de siniestralidad<\/span><\/h2><\/div><div class=\"fusion-text fusion-text-1\"><p>El m\u00f3dulo de siniestralidad se puede habilitar por cliente, como una configuraci\u00f3n en tdoc. Avisar a DEV para habilitar siniestralidad en tdoc.<\/p>\n<p>Como Key User, se debe configurar a qu\u00e9 \u00e1reas funcionales va a afectar el m\u00f3dulo de siniestralidad. \u00danicamente los centros de trabajo de esas \u00e1reas se ver\u00e1n afectados. Para eso, acceder a la operaci\u00f3n \u00abGesti\u00f3n de \u00e1reas con siniestralidad\u00bb, seleccionar las \u00e1reas funcionales que se quieran ver afectadas por siniestralidad y pulsar Guardar.<\/p>\n<\/div><style type=\"text\/css\"><\/style><div class=\"fusion-title title fusion-title-3 fusion-sep-none fusion-title-text fusion-title-size-two\" style=\"margin-top:0px;margin-right:0px;margin-bottom:31px;margin-left:0px;\"><h2 class=\"title-heading-left\" style=\"margin:0;\"><span style=\"color: #0375c9;\">Usuarios de siniestralidad<\/span><\/h2><\/div><div class=\"fusion-text fusion-text-2\"><p>El m\u00f3dulo de siniestralidad tiene 3 tipos de usuario:<\/p>\n<ul>\n<li><strong>Administrador de siniestralidad de escritura<\/strong>: corresponde el rol global ROLE_SINIESTRALIDAD<\/li>\n<li><strong>Administrador de siniestralidad de solo lectura<\/strong>: corresponde el rol global ROLE_SINIESTRALIDAD_READONLY<\/li>\n<li><strong>Gestor de contratas de siniestralidad<\/strong>: todos los gestores de contratas que tengan tareas (o contratas si son tareas generales como Acciona) activas en centros de las \u00e1reas definidas para utilizar siniestralidad tendr\u00e1n acceso autom\u00e1ticamente al m\u00f3dulo de siniestralidad, utilizando el mismo usuario y contrase\u00f1a que en tdoc.<\/li>\n<\/ul>\n<p>Cualquiera de estos 3 roles ver\u00e1 un men\u00fa nuevo de \u00abSiniestralidad\u00bb, que ser\u00e1 un acceso directo a la web de siniestralidad. Deber\u00e1n loguearse, aunque sea el mismo usuario y contrase\u00f1a.<\/p>\n<\/div><div class=\"imageframe-liftup fusion-image-frame-bottomshadow image-frame-shadow-1\"><style>.element-bottomshadow.imageframe-1:before, .element-bottomshadow.imageframe-1:after{-webkit-box-shadow: 0 17px 10px rgba(0,0,0,0.4);box-shadow: 0 17px 10px rgba(0,0,0,0.4);}<\/style><span class=\" fusion-imageframe imageframe-bottomshadow imageframe-1 element-bottomshadow\"><a href=\"https:\/\/help.tdoc.es\/wp-content\/uploads\/2020\/06\/General-Google-Chrome.jpg\" class=\"fusion-lightbox\" data-rel=\"iLightbox[36a1f105984b41558c5]\" data-title=\"Op siniestralidad\" title=\"Op siniestralidad\"><img width=\"157\" height=\"57\" src=\"https:\/\/help.tdoc.es\/wp-content\/uploads\/2020\/06\/General-Google-Chrome.jpg\" class=\"img-responsive wp-image-12689\"\/><\/a><\/span><\/div><div class=\"fusion-clearfix\"><\/div><\/div><\/div><\/div><\/div>\n","protected":false},"excerpt":{"rendered":"","protected":false},"author":1,"featured_media":0,"parent":12495,"menu_order":0,"comment_status":"closed","ping_status":"closed","template":"","meta":[],"_links":{"self":[{"href":"https:\/\/help.tdoc.es\/index.php\/wp-json\/wp\/v2\/pages\/12682"}],"collection":[{"href":"https:\/\/help.tdoc.es\/index.php\/wp-json\/wp\/v2\/pages"}],"about":[{"href":"https:\/\/help.tdoc.es\/index.php\/wp-json\/wp\/v2\/types\/page"}],"author":[{"embeddable":true,"href":"https:\/\/help.tdoc.es\/index.php\/wp-json\/wp\/v2\/users\/1"}],"replies":[{"embeddable":true,"href":"https:\/\/help.tdoc.es\/index.php\/wp-json\/wp\/v2\/comments?post=12682"}],"version-history":[{"count":5,"href":"https:\/\/help.tdoc.es\/index.php\/wp-json\/wp\/v2\/pages\/12682\/revisions"}],"predecessor-version":[{"id":12724,"href":"https:\/\/help.tdoc.es\/index.php\/wp-json\/wp\/v2\/pages\/12682\/revisions\/12724"}],"up":[{"embeddable":true,"href":"https:\/\/help.tdoc.es\/index.php\/wp-json\/wp\/v2\/pages\/12495"}],"wp:attachment":[{"href":"https:\/\/help.tdoc.es\/index.php\/wp-json\/wp\/v2\/media?parent=12682"}],"curies":[{"name":"wp","href":"https:\/\/api.w.org\/{rel}","templated":true}]}}